Last updated on 2025-11-16 04:48:50 CET.
| Flavor | Version | Tinstall | Tcheck | Ttotal | Status | Flags |
|---|---|---|---|---|---|---|
| r-devel-linux-x86_64-debian-clang | 1.4.0 | 19.57 | 41.35 | 60.92 | NOTE | |
| r-devel-linux-x86_64-debian-gcc | 1.4.0 | 14.48 | 34.43 | 48.91 | NOTE | |
| r-devel-linux-x86_64-fedora-clang | 1.4.0 | 43.00 | 50.57 | 93.57 | OK | |
| r-devel-linux-x86_64-fedora-gcc | 1.4.0 | 56.00 | 50.55 | 106.55 | OK | |
| r-devel-windows-x86_64 | 1.4.0 | 24.00 | 74.00 | 98.00 | OK | |
| r-patched-linux-x86_64 | 1.4.0 | 21.17 | 38.60 | 59.77 | OK | |
| r-release-linux-x86_64 | 1.4.0 | 19.84 | 38.53 | 58.37 | OK | |
| r-release-macos-arm64 | 1.4.0 | 8.00 | 37.00 | 45.00 | OK | |
| r-release-macos-x86_64 | 1.4.0 | 17.00 | 52.00 | 69.00 | OK | |
| r-release-windows-x86_64 | 1.4.0 | 21.00 | 75.00 | 96.00 | OK | |
| r-oldrel-macos-arm64 | 1.4.0 | 8.00 | 31.00 | 39.00 | OK | |
| r-oldrel-macos-x86_64 | 1.4.0 | 14.00 | 45.00 | 59.00 | OK | |
| r-oldrel-windows-x86_64 | 1.4.0 | 31.00 | 81.00 | 112.00 | OK |
Version: 1.4.0
Check: CRAN incoming feasibility
Result: NOTE
Maintainer: ‘Yannick Marcon <yannick.marcon@obiba.org>’
The BugReports field in DESCRIPTION has
https://github.com/obiba/resourcer
which should likely be
https://github.com/obiba/resourcer/issues
instead.
Flavors: r-devel-linux-x86_64-debian-clang, r-devel-linux-x86_64-debian-gcc