Last updated on 2025-11-16 04:48:51 CET.
| Flavor | Version | Tinstall | Tcheck | Ttotal | Status | Flags |
|---|---|---|---|---|---|---|
| r-devel-linux-x86_64-debian-clang | 1.44.0 | 35.50 | 115.63 | 151.13 | NOTE | |
| r-devel-linux-x86_64-debian-gcc | 1.44.1 | 28.97 | 84.66 | 113.63 | OK | |
| r-devel-linux-x86_64-fedora-clang | 1.44.0 | 38.00 | 136.58 | 174.58 | NOTE | |
| r-devel-linux-x86_64-fedora-gcc | 1.44.1 | 184.00 | 98.12 | 282.12 | OK | |
| r-devel-windows-x86_64 | 1.44.1 | 69.00 | 137.00 | 206.00 | OK | |
| r-patched-linux-x86_64 | 1.44.0 | 41.41 | 109.79 | 151.20 | OK | |
| r-release-linux-x86_64 | 1.44.0 | 42.04 | 109.74 | 151.78 | OK | |
| r-release-macos-arm64 | 1.44.0 | 17.00 | 88.00 | 105.00 | OK | |
| r-release-macos-x86_64 | 1.44.1 | 33.00 | 118.00 | 151.00 | OK | |
| r-release-windows-x86_64 | 1.44.1 | 55.00 | 137.00 | 192.00 | OK | |
| r-oldrel-macos-arm64 | 1.44.0 | 17.00 | 83.00 | 100.00 | NOTE | |
| r-oldrel-macos-x86_64 | 1.44.1 | 26.00 | 143.00 | 169.00 | NOTE | |
| r-oldrel-windows-x86_64 | 1.44.1 | 57.00 | 163.00 | 220.00 | OK |
Version: 1.44.0
Check: compiled code
Result: NOTE
File ‘reticulate/libs/reticulate.so’:
Found non-API call to R: ‘SET_OBJECT’
Compiled code should not call non-API entry points in R.
See ‘Writing portable packages’ in the ‘Writing R Extensions’ manual,
and section ‘Moving into C API compliance’ for issues with the use of
non-API entry points.
Flavors: r-devel-linux-x86_64-debian-clang, r-devel-linux-x86_64-fedora-clang
Version: 1.44.0
Check: installed package size
Result: NOTE
installed size is 6.2Mb
sub-directories of 1Mb or more:
libs 3.7Mb
Flavor: r-oldrel-macos-arm64
Version: 1.44.1
Check: installed package size
Result: NOTE
installed size is 6.1Mb
sub-directories of 1Mb or more:
libs 3.6Mb
Flavor: r-oldrel-macos-x86_64