Last updated on 2025-10-26 04:48:47 CET.
| Flavor | Version | Tinstall | Tcheck | Ttotal | Status | Flags |
|---|---|---|---|---|---|---|
| r-devel-linux-x86_64-debian-clang | 0.2.0 | 4.65 | 59.60 | 64.25 | NOTE | |
| r-devel-linux-x86_64-debian-gcc | 0.2.0 | 3.10 | 41.27 | 44.37 | NOTE | |
| r-devel-linux-x86_64-fedora-clang | 0.2.0 | 96.68 | NOTE | |||
| r-devel-linux-x86_64-fedora-gcc | 0.2.0 | 23.00 | 73.35 | 96.35 | NOTE | |
| r-devel-windows-x86_64 | 0.2.0 | 7.00 | 72.00 | 79.00 | NOTE | |
| r-patched-linux-x86_64 | 0.2.0 | 4.48 | 56.32 | 60.80 | NOTE | |
| r-release-linux-x86_64 | 0.2.0 | 3.69 | 55.59 | 59.28 | NOTE | |
| r-release-macos-arm64 | 0.2.0 | 2.00 | 25.00 | 27.00 | NOTE | |
| r-release-macos-x86_64 | 0.2.0 | 4.00 | 47.00 | 51.00 | NOTE | |
| r-release-windows-x86_64 | 0.2.0 | 7.00 | 73.00 | 80.00 | NOTE | |
| r-oldrel-macos-arm64 | 0.2.0 | 2.00 | 26.00 | 28.00 | NOTE | |
| r-oldrel-macos-x86_64 | 0.2.0 | 3.00 | 42.00 | 45.00 | NOTE | |
| r-oldrel-windows-x86_64 | 0.2.0 | 7.00 | 88.00 | 95.00 | NOTE |
Version: 0.2.0
Check: package subdirectories
Result: NOTE
Problems with news in ‘NEWS.md’:
No news entries found.
Flavors: r-devel-linux-x86_64-debian-clang, r-devel-linux-x86_64-debian-gcc, r-devel-linux-x86_64-fedora-clang, r-devel-linux-x86_64-fedora-gcc, r-devel-windows-x86_64, r-patched-linux-x86_64, r-release-linux-x86_64, r-release-macos-arm64, r-release-macos-x86_64, r-release-windows-x86_64, r-oldrel-macos-arm64, r-oldrel-macos-x86_64, r-oldrel-windows-x86_64
Version: 0.2.0
Check: dependencies in R code
Result: NOTE
Namespace in Imports field not imported from: ‘sf’
All declared Imports should be used.
Flavors: r-devel-linux-x86_64-fedora-clang, r-devel-linux-x86_64-fedora-gcc