Last updated on 2025-11-16 04:48:51 CET.
| Flavor | Version | Tinstall | Tcheck | Ttotal | Status | Flags |
|---|---|---|---|---|---|---|
| r-devel-linux-x86_64-debian-clang | 1.1.8 | 25.44 | 132.31 | 157.75 | OK | |
| r-devel-linux-x86_64-debian-gcc | 1.1.8 | 15.84 | 98.39 | 114.23 | NOTE | |
| r-devel-linux-x86_64-fedora-clang | 1.1.8 | 47.00 | 196.54 | 243.54 | OK | |
| r-devel-linux-x86_64-fedora-gcc | 1.1.8 | 52.00 | 197.02 | 249.02 | OK | |
| r-devel-windows-x86_64 | 1.1.8 | 28.00 | 153.00 | 181.00 | OK | |
| r-patched-linux-x86_64 | 1.1.8 | 25.56 | 127.44 | 153.00 | OK | |
| r-release-linux-x86_64 | 1.1.8 | 21.46 | 126.64 | 148.10 | OK | |
| r-release-macos-arm64 | 1.1.8 | 9.00 | 65.00 | 74.00 | OK | |
| r-release-macos-x86_64 | 1.1.8 | 20.00 | 146.00 | 166.00 | OK | |
| r-release-windows-x86_64 | 1.1.8 | 26.00 | 159.00 | 185.00 | OK | |
| r-oldrel-macos-arm64 | 1.1.8 | 10.00 | 73.00 | 83.00 | NOTE | |
| r-oldrel-macos-x86_64 | 1.1.8 | 22.00 | 155.00 | 177.00 | NOTE | |
| r-oldrel-windows-x86_64 | 1.1.8 | 34.00 | 187.00 | 221.00 | NOTE |
Version: 1.1.8
Check: CRAN incoming feasibility
Result: NOTE
Maintainer: ‘Matthieu Stigler <Matthieu.Stigler@gmail.com>’
The BugReports field in DESCRIPTION has
https://github.com/r-spatial/rgee/issues/
which should likely be
https://github.com/r-spatial/rgee/issues/issues
instead.
Flavor: r-devel-linux-x86_64-debian-gcc
Version: 1.1.8
Check: installed package size
Result: NOTE
installed size is 8.4Mb
sub-directories of 1Mb or more:
doc 7.0Mb
Flavors: r-oldrel-macos-arm64, r-oldrel-macos-x86_64, r-oldrel-windows-x86_64