CRAN Package Check Results for Package rgeoda

Last updated on 2025-11-16 04:48:51 CET.

Flavor Version Tinstall Tcheck Ttotal Status Flags
r-devel-linux-x86_64-debian-clang 0.1.0 232.86 44.06 276.92 OK
r-devel-linux-x86_64-debian-gcc 0.1.0 166.02 40.83 206.85 NOTE
r-devel-linux-x86_64-fedora-clang 0.1.0 600.00 -43.16 556.84 OK
r-devel-linux-x86_64-fedora-gcc 0.1.0 429.00 106.83 535.83 OK
r-devel-windows-x86_64 0.1.0 329.00 113.00 442.00 OK
r-patched-linux-x86_64 0.1.0 243.80 50.98 294.78 OK
r-release-linux-x86_64 0.1.0 244.08 51.27 295.35 OK
r-release-macos-arm64 0.1.0 92.00 26.00 118.00 OK
r-release-macos-x86_64 0.1.0 70.00 43.00 113.00 OK
r-release-windows-x86_64 0.1.0 312.00 116.00 428.00 OK
r-oldrel-macos-arm64 0.1.0 78.00 28.00 106.00 NOTE
r-oldrel-macos-x86_64 0.1.0 80.00 39.00 119.00 NOTE
r-oldrel-windows-x86_64 0.1.0 367.00 131.00 498.00 OK

Check Details

Version: 0.1.0
Check: CRAN incoming feasibility
Result: NOTE Maintainer: ‘Xun Li <lixun910@gmail.com>’ The BugReports field in DESCRIPTION has https://github.com/geodacenter/rgeoda/issues/ which should likely be https://github.com/geodacenter/rgeoda/issues/issues instead. Flavor: r-devel-linux-x86_64-debian-gcc

Version: 0.1.0
Check: installed package size
Result: NOTE installed size is 28.6Mb sub-directories of 1Mb or more: libs 27.4Mb Flavors: r-oldrel-macos-arm64, r-oldrel-macos-x86_64