Last updated on 2025-11-16 04:48:51 CET.
| Flavor | Version | Tinstall | Tcheck | Ttotal | Status | Flags |
|---|---|---|---|---|---|---|
| r-devel-linux-x86_64-debian-clang | 1.3.24 | 125.35 | 233.18 | 358.53 | OK | |
| r-devel-linux-x86_64-debian-gcc | 1.3.31 | 86.56 | 173.64 | 260.20 | OK | |
| r-devel-linux-x86_64-fedora-clang | 1.3.31 | 900.00 | -107.99 | 792.01 | OK | |
| r-devel-linux-x86_64-fedora-gcc | 1.3.31 | 514.00 | 105.05 | 619.05 | OK | |
| r-devel-windows-x86_64 | 1.3.31 | 266.00 | 270.00 | 536.00 | OK | |
| r-patched-linux-x86_64 | 1.3.24 | 117.93 | 221.88 | 339.81 | OK | |
| r-release-linux-x86_64 | 1.3.31 | 114.30 | 225.03 | 339.33 | OK | |
| r-release-macos-arm64 | 1.3.24 | 53.00 | 88.00 | 141.00 | OK | |
| r-release-macos-x86_64 | 1.3.31 | 73.00 | 226.00 | 299.00 | OK | |
| r-release-windows-x86_64 | 1.3.31 | 202.00 | 275.00 | 477.00 | OK | |
| r-oldrel-macos-arm64 | 1.3.24 | 54.00 | 102.00 | 156.00 | NOTE | |
| r-oldrel-macos-x86_64 | 1.3.31 | 78.00 | 240.00 | 318.00 | NOTE | |
| r-oldrel-windows-x86_64 | 1.3.31 | 178.00 | 286.00 | 464.00 | NOTE |
Version: 1.3.24
Check: installed package size
Result: NOTE
installed size is 36.7Mb
sub-directories of 1Mb or more:
doc 7.2Mb
fonts 1.5Mb
libs 24.7Mb
Flavor: r-oldrel-macos-arm64
Version: 1.3.31
Check: installed package size
Result: NOTE
installed size is 21.1Mb
sub-directories of 1Mb or more:
doc 7.2Mb
fonts 1.5Mb
libs 9.1Mb
Flavors: r-oldrel-macos-x86_64, r-oldrel-windows-x86_64