Last updated on 2025-02-21 04:52:02 CET.
Flavor | Version | Tinstall | Tcheck | Ttotal | Status | Flags |
---|---|---|---|---|---|---|
r-devel-linux-x86_64-debian-clang | 0.5-2 | 5.76 | 75.62 | 81.38 | OK | |
r-devel-linux-x86_64-debian-gcc | 0.5-2 | 3.68 | 52.59 | 56.27 | OK | |
r-devel-linux-x86_64-fedora-clang | 0.5-2 | 128.18 | OK | |||
r-devel-linux-x86_64-fedora-gcc | 0.5-2 | 137.17 | OK | |||
r-devel-macos-arm64 | 0.5-1 | 64.00 | OK | |||
r-devel-macos-x86_64 | 0.5-2 | 180.00 | OK | |||
r-devel-windows-x86_64 | 0.5-2 | 9.00 | 125.00 | 134.00 | OK | |
r-patched-linux-x86_64 | 0.5-2 | 5.58 | 71.07 | 76.65 | OK | |
r-release-linux-x86_64 | 0.5-2 | 5.17 | 70.52 | 75.69 | OK | |
r-release-macos-arm64 | 0.5-1 | 70.00 | OK | |||
r-release-macos-x86_64 | 0.5-2 | 193.00 | OK | |||
r-release-windows-x86_64 | 0.5-2 | 6.00 | 118.00 | 124.00 | OK | |
r-oldrel-macos-arm64 | 0.4-4 | 57.00 | OK | |||
r-oldrel-macos-x86_64 | 0.5-2 | 116.00 | OK | |||
r-oldrel-windows-x86_64 | 0.5-2 | 7.00 | 176.00 | 183.00 | ERROR |
Version: 0.5-2
Check: tests
Result: ERROR
Running 'testthat.R' [61s]
Running the tests in 'tests/testthat.R' failed.
Complete output:
> # This file is part of the standard setup for testthat.
> # It is recommended that you do not modify it.
> #
> # Where should you do additional test configuration?
> # Learn more about the roles of various files in:
> # * https://r-pkgs.org/testing-design.html#sec-tests-files-overview
> # * https://testthat.r-lib.org/articles/special-files.html
>
> library(testthat)
> library(rgrass)
GRASS GIS interface loaded with GRASS version: (GRASS not running)
>
> test_check("rgrass")
trying URL 'https://grass.osgeo.org/sampledata/north_carolina/nc_basic_spm_grass7.zip'
Content type 'application/zip' length 50937243 bytes (48.6 MB)
=
downloaded 1.6 MB
Error in `FUN()`:
! In path: "D:\\RCompile\\CRANpkg\\local\\4.3\\rgrass.Rcheck\\tests\\testthat\\setup.R"
Caused by error in `download.file()`:
! download from 'https://grass.osgeo.org/sampledata/north_carolina/nc_basic_spm_grass7.zip' failed
Backtrace:
▆
1. ├─testthat::test_check("rgrass")
2. │ └─testthat::test_dir(...)
3. │ └─testthat:::test_files(...)
4. │ └─testthat:::test_files_serial(...)
5. │ └─testthat:::test_files_setup_state(...)
6. │ └─testthat::source_test_setup(".", env)
7. │ └─testthat::source_dir(path, "^setup.*\\.[rR]$", env = env, wrap = FALSE)
8. │ └─base::lapply(...)
9. │ └─testthat (local) FUN(X[[i]], ...)
10. │ └─testthat::source_file(path, env = env, chdir = chdir, wrap = wrap)
11. │ ├─base::withCallingHandlers(...)
12. │ └─base::eval(exprs, env)
13. │ └─base::eval(exprs, env)
14. │ └─rgrass:::download_nc_basic() at D:\RCompile\CRANpkg\local\4.3\rgrass.Rcheck\tests\testthat\setup.R:1:1
15. │ └─utils::download.file(...) at D:\RCompile\CRANpkg\local\4.3\rgrass.Rcheck\tests\testthat\helper.R:9:5
16. └─base::.handleSimpleError(...)
17. └─testthat (local) h(simpleError(msg, call))
18. └─rlang::abort(...)
Warning messages:
1: In download.file(paste(base_url, path_url, file_url, sep = "/"), :
downloaded length 0 != reported length 0
2: In download.file(paste(base_url, path_url, file_url, sep = "/"), :
URL 'https://grass.osgeo.org/sampledata/north_carolina/nc_basic_spm_grass7.zip': Timeout of 60 seconds was reached
Execution halted
Flavor: r-oldrel-windows-x86_64