CRAN Package Check Results for Package rgrass

Last updated on 2025-11-16 04:48:51 CET.

Flavor Version Tinstall Tcheck Ttotal Status Flags
r-devel-linux-x86_64-debian-clang 0.5-3 5.36 77.83 83.19 OK
r-devel-linux-x86_64-debian-gcc 0.5-3 2.80 54.12 56.92 NOTE
r-devel-linux-x86_64-fedora-clang 0.5-3 11.00 128.87 139.87 OK
r-devel-linux-x86_64-fedora-gcc 0.5-3 12.00 128.99 140.99 OK
r-devel-windows-x86_64 0.5-3 8.00 119.00 127.00 OK
r-patched-linux-x86_64 0.5-3 4.60 74.72 79.32 OK
r-release-linux-x86_64 0.5-3 4.95 74.84 79.79 OK
r-release-macos-arm64 0.5-3 2.00 54.00 56.00 OK
r-release-macos-x86_64 0.5-3 8.00 116.00 124.00 OK
r-release-windows-x86_64 0.5-3 8.00 120.00 128.00 OK
r-oldrel-macos-arm64 0.5-3 2.00 55.00 57.00 OK
r-oldrel-macos-x86_64 0.5-3 6.00 106.00 112.00 OK
r-oldrel-windows-x86_64 0.5-3 10.00 141.00 151.00 OK

Check Details

Version: 0.5-3
Check: CRAN incoming feasibility
Result: NOTE Maintainer: ‘Steven Pawley <dr.stevenpawley@gmail.com>’ The BugReports field in DESCRIPTION has https://github.com/osgeo/rgrass/issues/ which should likely be https://github.com/osgeo/rgrass/issues/issues instead. Flavor: r-devel-linux-x86_64-debian-gcc