Last updated on 2024-08-25 05:49:32 CEST.
Flavor | Version | Tinstall | Tcheck | Ttotal | Status | Flags |
---|---|---|---|---|---|---|
r-devel-linux-x86_64-debian-clang | 1.0.13 | 5.88 | 54.01 | 59.89 | NOTE | |
r-devel-linux-x86_64-debian-gcc | 1.0.13 | 3.92 | 40.37 | 44.29 | NOTE | |
r-devel-linux-x86_64-fedora-clang | 1.0.13 | 106.85 | OK | |||
r-devel-linux-x86_64-fedora-gcc | 1.0.13 | 117.36 | OK | |||
r-devel-windows-x86_64 | 1.0.13 | 8.00 | 72.00 | 80.00 | NOTE | |
r-patched-linux-x86_64 | 1.0.13 | 9.03 | 51.50 | 60.53 | OK | |
r-release-linux-x86_64 | 1.0.13 | 5.53 | 51.24 | 56.77 | OK | |
r-release-macos-arm64 | 1.0.13 | 44.00 | OK | |||
r-release-macos-x86_64 | 1.0.13 | 61.00 | OK | |||
r-release-windows-x86_64 | 1.0.13 | 8.00 | 74.00 | 82.00 | OK | |
r-oldrel-macos-arm64 | 1.0.13 | 48.00 | OK | |||
r-oldrel-macos-x86_64 | 1.0.13 | 76.00 | OK | |||
r-oldrel-windows-x86_64 | 1.0.13 | 10.00 | 82.00 | 92.00 | OK |
Version: 1.0.13
Check: Rd cross-references
Result: NOTE
Found the following Rd file(s) with Rd \link{} targets missing package
anchors:
log_error.Rd: glue
Please provide package anchors for all Rd \link{} targets not in the
package itself and the base packages.
Flavors: r-devel-linux-x86_64-debian-clang, r-devel-linux-x86_64-debian-gcc, r-devel-windows-x86_64