Last updated on 2025-11-16 04:48:51 CET.
| Flavor | Version | Tinstall | Tcheck | Ttotal | Status | Flags |
|---|---|---|---|---|---|---|
| r-devel-linux-x86_64-debian-clang | 0.2.1 | 71.25 | 38.29 | 109.54 | OK | |
| r-devel-linux-x86_64-debian-gcc | 0.2.1 | 72.38 | 31.22 | 103.60 | NOTE | |
| r-devel-linux-x86_64-fedora-clang | 0.2.1 | 107.00 | 62.19 | 169.19 | OK | |
| r-devel-linux-x86_64-fedora-gcc | 0.2.1 | 233.00 | 1.32 | 234.32 | OK | |
| r-devel-windows-x86_64 | 0.2.1 | 99.00 | 82.00 | 181.00 | OK | |
| r-patched-linux-x86_64 | 0.2.1 | 96.78 | 39.03 | 135.81 | OK | |
| r-release-linux-x86_64 | 0.2.1 | 90.23 | 38.20 | 128.43 | OK | |
| r-release-macos-arm64 | 0.2.1 | 28.00 | 20.00 | 48.00 | OK | |
| r-release-macos-x86_64 | 0.2.1 | 97.00 | 51.00 | 148.00 | OK | |
| r-release-windows-x86_64 | 0.2.1 | 86.00 | 87.00 | 173.00 | OK | |
| r-oldrel-macos-arm64 | 0.2.1 | 25.00 | 24.00 | 49.00 | NOTE | |
| r-oldrel-macos-x86_64 | 0.2.1 | 63.00 | 33.00 | 96.00 | NOTE | |
| r-oldrel-windows-x86_64 | 0.2.1 | 86.00 | 103.00 | 189.00 | NOTE |
Version: 0.2.1
Check: CRAN incoming feasibility
Result: NOTE
Maintainer: ‘Josh Errickson <jerrick@umich.edu>’
The BugReports field in DESCRIPTION has
https://github.com/josherrickson/rlemon/issues/
which should likely be
https://github.com/josherrickson/rlemon/issues/issues
instead.
Flavor: r-devel-linux-x86_64-debian-gcc
Version: 0.2.1
Check: installed package size
Result: NOTE
installed size is 19.2Mb
sub-directories of 1Mb or more:
lemon 2.8Mb
libs 16.1Mb
Flavors: r-oldrel-macos-arm64, r-oldrel-macos-x86_64, r-oldrel-windows-x86_64