CRAN Package Check Results for Package rless

Last updated on 2025-02-22 04:51:25 CET.

Flavor Version Tinstall Tcheck Ttotal Status Flags
r-devel-linux-x86_64-debian-clang 0.1.1 1.70 23.46 25.16 OK
r-devel-linux-x86_64-debian-gcc 0.1.1 1.43 19.32 20.75 OK
r-devel-linux-x86_64-fedora-clang 0.1.1 41.17 OK
r-devel-linux-x86_64-fedora-gcc 0.1.1 53.37 OK
r-devel-macos-arm64 0.1.1 24.00 OK
r-devel-macos-x86_64 0.1.1 59.00 OK
r-devel-windows-x86_64 0.1.1 3.00 45.00 48.00 OK
r-patched-linux-x86_64 0.1.1 1.77 22.45 24.22 NOTE
r-release-linux-x86_64 0.1.1 1.57 22.69 24.26 NOTE
r-release-macos-arm64 0.1.1 24.00 NOTE
r-release-macos-x86_64 0.1.1 53.00 NOTE
r-release-windows-x86_64 0.1.1 3.00 45.00 48.00 NOTE
r-oldrel-macos-arm64 0.1.1 22.00 NOTE
r-oldrel-macos-x86_64 0.1.1 30.00 NOTE
r-oldrel-windows-x86_64 0.1.1 3.00 49.00 52.00 NOTE

Check Details

Version: 0.1.1
Check: LazyData
Result: NOTE 'LazyData' is specified without a 'data' directory Flavors: r-patched-linux-x86_64, r-release-linux-x86_64, r-release-macos-arm64, r-release-macos-x86_64, r-release-windows-x86_64, r-oldrel-macos-arm64, r-oldrel-macos-x86_64, r-oldrel-windows-x86_64