Last updated on 2025-11-16 04:48:51 CET.
| Flavor | Version | Tinstall | Tcheck | Ttotal | Status | Flags |
|---|---|---|---|---|---|---|
| r-devel-linux-x86_64-debian-clang | 1.0.1 | 12.83 | 174.89 | 187.72 | OK | |
| r-devel-linux-x86_64-debian-gcc | 1.0.1 | 9.46 | 130.66 | 140.12 | NOTE | |
| r-devel-linux-x86_64-fedora-clang | 1.0.1 | 56.00 | 254.81 | 310.81 | OK | |
| r-devel-linux-x86_64-fedora-gcc | 1.0.1 | 54.00 | 263.61 | 317.61 | OK | |
| r-devel-windows-x86_64 | 1.0.1 | 17.00 | 198.00 | 215.00 | OK | |
| r-patched-linux-x86_64 | 1.0.1 | 11.79 | 166.21 | 178.00 | OK | |
| r-release-linux-x86_64 | 1.0.1 | 12.29 | 165.85 | 178.14 | OK | |
| r-release-macos-arm64 | 1.0.1 | 6.00 | 81.00 | 87.00 | OK | |
| r-release-macos-x86_64 | 1.0.1 | 14.00 | 132.00 | 146.00 | OK | |
| r-release-windows-x86_64 | 1.0.1 | 15.00 | 170.00 | 185.00 | OK | |
| r-oldrel-macos-arm64 | 1.0.1 | 6.00 | 84.00 | 90.00 | OK | |
| r-oldrel-macos-x86_64 | 1.0.1 | 14.00 | 187.00 | 201.00 | OK | |
| r-oldrel-windows-x86_64 | 1.0.1 | 19.00 | 191.00 | 210.00 | OK |
Version: 1.0.1
Check: CRAN incoming feasibility
Result: NOTE
Maintainer: ‘Samuel Tingle <samjamestingle@gmail.com>’
The BugReports field in DESCRIPTION has
https://github.com/rmsMD/rmsMD/issues/
which should likely be
https://github.com/rmsMD/rmsMD/issues/issues
instead.
Flavor: r-devel-linux-x86_64-debian-gcc