Last updated on 2025-02-21 04:52:03 CET.
Flavor | Version | Tinstall | Tcheck | Ttotal | Status | Flags |
---|---|---|---|---|---|---|
r-devel-linux-x86_64-debian-clang | 2.1 | 2.90 | 26.19 | 29.09 | NOTE | |
r-devel-linux-x86_64-debian-gcc | 2.1 | 2.25 | 20.49 | 22.74 | NOTE | |
r-devel-linux-x86_64-fedora-clang | 2.1 | 48.01 | NOTE | |||
r-devel-linux-x86_64-fedora-gcc | 2.1 | 59.46 | NOTE | |||
r-devel-macos-arm64 | 2.1 | 21.00 | NOTE | |||
r-devel-macos-x86_64 | 2.1 | 41.00 | NOTE | |||
r-devel-windows-x86_64 | 2.1 | 3.00 | 58.00 | 61.00 | NOTE | |
r-patched-linux-x86_64 | 2.1 | 2.84 | 25.38 | 28.22 | NOTE | |
r-release-linux-x86_64 | 2.1 | 2.44 | 25.09 | 27.53 | NOTE | |
r-release-macos-arm64 | 2.1 | 23.00 | NOTE | |||
r-release-macos-x86_64 | 2.1 | 34.00 | NOTE | |||
r-release-windows-x86_64 | 2.1 | 3.00 | 49.00 | 52.00 | NOTE | |
r-oldrel-macos-arm64 | 2.1 | 22.00 | OK | |||
r-oldrel-macos-x86_64 | 2.1 | 34.00 | OK | |||
r-oldrel-windows-x86_64 | 2.1 | 5.00 | 92.00 | 97.00 | OK |
Version: 2.1
Check: Rd files
Result: NOTE
checkRd: (-1) predict.robu.Rd:36-42: Lost braces in \itemize; meant \describe ?
checkRd: (-1) predict.robu.Rd:43-49: Lost braces in \itemize; meant \describe ?
checkRd: (-1) predict.robu.Rd:50-55: Lost braces in \itemize; meant \describe ?
Flavors: r-devel-linux-x86_64-debian-clang, r-devel-linux-x86_64-debian-gcc, r-devel-linux-x86_64-fedora-clang, r-devel-linux-x86_64-fedora-gcc, r-devel-macos-arm64, r-devel-macos-x86_64, r-devel-windows-x86_64, r-patched-linux-x86_64, r-release-linux-x86_64, r-release-macos-arm64, r-release-macos-x86_64, r-release-windows-x86_64