Last updated on 2025-02-21 04:52:03 CET.
Flavor | Version | Tinstall | Tcheck | Ttotal | Status | Flags |
---|---|---|---|---|---|---|
r-devel-linux-x86_64-debian-clang | 0.3.0 | 8.80 | 60.57 | 69.37 | NOTE | |
r-devel-linux-x86_64-debian-gcc | 0.3.0 | 6.33 | 41.96 | 48.29 | NOTE | |
r-devel-linux-x86_64-fedora-clang | 0.3.0 | 109.35 | OK | |||
r-devel-linux-x86_64-fedora-gcc | 0.3.0 | 103.99 | OK | |||
r-devel-macos-arm64 | 0.3.0 | 31.00 | OK | |||
r-devel-macos-x86_64 | 0.3.0 | 95.00 | OK | |||
r-devel-windows-x86_64 | 0.3.0 | 9.00 | 82.00 | 91.00 | NOTE | |
r-patched-linux-x86_64 | 0.3.0 | 11.30 | 57.02 | 68.32 | OK | |
r-release-linux-x86_64 | 0.3.0 | 6.39 | 56.80 | 63.19 | OK | |
r-release-macos-arm64 | 0.3.0 | 32.00 | OK | |||
r-release-macos-x86_64 | 0.3.0 | 49.00 | OK | |||
r-release-windows-x86_64 | 0.3.0 | 11.00 | 71.00 | 82.00 | OK | |
r-oldrel-macos-arm64 | 0.3.0 | 31.00 | OK | |||
r-oldrel-macos-x86_64 | 0.3.0 | 54.00 | OK | |||
r-oldrel-windows-x86_64 | 0.3.0 | 11.00 | 82.00 | 93.00 | OK |
Version: 0.3.0
Check: Rd cross-references
Result: NOTE
Found the following Rd file(s) with Rd \link{} targets missing package
anchors:
robustbetareg.Rd: betareg
Please provide package anchors for all Rd \link{} targets not in the
package itself and the base packages.
Flavors: r-devel-linux-x86_64-debian-clang, r-devel-linux-x86_64-debian-gcc, r-devel-windows-x86_64