CRAN Package Check Results for Package rocrateR

Last updated on 2025-11-16 04:48:51 CET.

Flavor Version Tinstall Tcheck Ttotal Status Flags
r-devel-linux-x86_64-debian-clang 0.0.1 2.12 28.27 30.39 OK
r-devel-linux-x86_64-debian-gcc 0.0.1 1.64 22.51 24.15 NOTE
r-devel-linux-x86_64-fedora-clang 0.0.1 45.22 OK
r-devel-linux-x86_64-fedora-gcc 0.0.1 11.00 31.71 42.71 OK
r-devel-windows-x86_64 0.0.1 5.00 49.00 54.00 OK
r-patched-linux-x86_64 0.0.1 2.79 25.44 28.23 OK
r-release-linux-x86_64 0.0.1 2.30 25.41 27.71 OK
r-release-macos-arm64 0.0.1 2.00 24.00 26.00 OK
r-release-macos-x86_64 0.0.1 2.00 30.00 32.00 OK
r-release-windows-x86_64 0.0.1 7.00 49.00 56.00 OK
r-oldrel-macos-arm64 0.0.1 1.00 23.00 24.00 OK
r-oldrel-macos-x86_64 0.0.1 3.00 34.00 37.00 OK
r-oldrel-windows-x86_64 0.0.1 6.00 56.00 62.00 OK

Check Details

Version: 0.0.1
Check: CRAN incoming feasibility
Result: NOTE Maintainer: ‘Roberto Villegas-Diaz <r.villegas-diaz@outlook.com>’ The BugReports field in DESCRIPTION has https://github.com/ResearchObject/ro-crate-r/issues/ which should likely be https://github.com/ResearchObject/ro-crate-r/issues/issues instead. Flavor: r-devel-linux-x86_64-debian-gcc