Last updated on 2025-02-20 04:51:27 CET.
Flavor | Version | Tinstall | Tcheck | Ttotal | Status | Flags |
---|---|---|---|---|---|---|
r-devel-linux-x86_64-debian-clang | 2.5.1 | 16.92 | 360.70 | 377.62 | NOTE | |
r-devel-linux-x86_64-debian-gcc | 2.5.1 | 12.33 | 239.98 | 252.31 | NOTE | |
r-devel-linux-x86_64-fedora-clang | 2.5.1 | 597.58 | NOTE | |||
r-devel-linux-x86_64-fedora-gcc | 2.5.1 | 594.10 | NOTE | |||
r-devel-macos-arm64 | 2.5.1 | 157.00 | OK | |||
r-devel-macos-x86_64 | 2.5.1 | 334.00 | NOTE | |||
r-devel-windows-x86_64 | 2.5.1 | 25.00 | 341.00 | 366.00 | NOTE | |
r-patched-linux-x86_64 | 2.5.1 | 25.63 | 344.13 | 369.76 | OK | |
r-release-linux-x86_64 | 2.5.1 | 18.75 | 339.29 | 358.04 | OK | |
r-release-macos-arm64 | 2.5.1 | 139.00 | NOTE | |||
r-release-macos-x86_64 | 2.5.1 | 232.00 | NOTE | |||
r-release-windows-x86_64 | 2.5.1 | 27.00 | 337.00 | 364.00 | NOTE | |
r-oldrel-macos-arm64 | 2.5.1 | 157.00 | NOTE | |||
r-oldrel-macos-x86_64 | 2.5.1 | 413.00 | NOTE | |||
r-oldrel-windows-x86_64 | 2.5.1 | 33.00 | 425.00 | 458.00 | NOTE |
Version: 2.5.1
Check: DESCRIPTION meta-information
Result: NOTE
Missing dependency on R >= 4.1.0 because package code uses the pipe
|> or function shorthand \(...) syntax added in R 4.1.0.
File(s) using such syntax:
‘flat_table.R’ ‘geoattribute.R’ ‘geolayer.R’ ‘refresh.R’
‘star_database.R’ ‘star_database_export.R’
Flavors: r-devel-linux-x86_64-debian-clang, r-devel-linux-x86_64-debian-gcc, r-devel-linux-x86_64-fedora-clang, r-devel-linux-x86_64-fedora-gcc, r-devel-macos-x86_64, r-devel-windows-x86_64
Version: 2.5.1
Check: installed package size
Result: NOTE
installed size is 17.4Mb
sub-directories of 1Mb or more:
doc 15.2Mb
Flavors: r-release-macos-arm64, r-release-macos-x86_64, r-release-windows-x86_64, r-oldrel-macos-arm64, r-oldrel-macos-x86_64, r-oldrel-windows-x86_64