Last updated on 2024-08-25 05:49:33 CEST.
Flavor | Version | Tinstall | Tcheck | Ttotal | Status | Flags |
---|---|---|---|---|---|---|
r-devel-linux-x86_64-debian-clang | 2.1.0 | 2.05 | 24.44 | 26.49 | NOTE | |
r-devel-linux-x86_64-debian-gcc | 2.1.0 | 1.64 | 19.67 | 21.31 | NOTE | |
r-devel-linux-x86_64-fedora-clang | 2.1.0 | 44.23 | NOTE | |||
r-devel-linux-x86_64-fedora-gcc | 2.1.0 | 54.36 | NOTE | |||
r-devel-windows-x86_64 | 2.1.0 | 3.00 | 49.00 | 52.00 | NOTE | |
r-patched-linux-x86_64 | 2.1.0 | 2.37 | 23.58 | 25.95 | NOTE | |
r-release-linux-x86_64 | 2.1.0 | 2.09 | 23.73 | 25.82 | NOTE | |
r-release-macos-arm64 | 2.1.0 | 29.00 | NOTE | |||
r-release-macos-x86_64 | 2.1.0 | 36.00 | NOTE | |||
r-release-windows-x86_64 | 2.1.0 | 4.00 | 49.00 | 53.00 | NOTE | |
r-oldrel-macos-arm64 | 2.1.0 | 25.00 | OK | |||
r-oldrel-macos-x86_64 | 2.1.0 | 35.00 | OK | |||
r-oldrel-windows-x86_64 | 2.1.0 | 4.00 | 49.00 | 53.00 | OK |
Version: 2.1.0
Check: Rd files
Result: NOTE
checkRd: (-1) lateformeeting.Rd:10: Lost braces in \itemize; meant \describe ?
checkRd: (-1) lateformeeting.Rd:11: Lost braces in \itemize; meant \describe ?
checkRd: (-1) lateformeeting.Rd:12: Lost braces in \itemize; meant \describe ?
checkRd: (-1) lateformeeting.Rd:13: Lost braces in \itemize; meant \describe ?
checkRd: (-1) lfm_clean.Rd:10: Lost braces in \itemize; meant \describe ?
checkRd: (-1) lfm_clean.Rd:11: Lost braces in \itemize; meant \describe ?
checkRd: (-1) lfm_clean.Rd:12: Lost braces in \itemize; meant \describe ?
checkRd: (-1) lfm_clean.Rd:13: Lost braces in \itemize; meant \describe ?
Flavors: r-devel-linux-x86_64-debian-clang, r-devel-linux-x86_64-debian-gcc, r-devel-linux-x86_64-fedora-clang, r-devel-linux-x86_64-fedora-gcc, r-devel-windows-x86_64, r-patched-linux-x86_64, r-release-linux-x86_64, r-release-macos-arm64, r-release-macos-x86_64, r-release-windows-x86_64