Last updated on 2025-10-26 04:48:48 CET.
| Flavor | Version | Tinstall | Tcheck | Ttotal | Status | Flags | 
|---|---|---|---|---|---|---|
| r-devel-linux-x86_64-debian-clang | 2.1.2 | 14.75 | 118.93 | 133.68 | NOTE | |
| r-devel-linux-x86_64-debian-gcc | 2.1.2 | 9.96 | 78.99 | 88.95 | NOTE | |
| r-devel-linux-x86_64-fedora-clang | 2.1.2 | 36.00 | 172.70 | 208.70 | OK | |
| r-devel-linux-x86_64-fedora-gcc | 2.1.2 | 43.00 | 154.02 | 197.02 | OK | |
| r-devel-windows-x86_64 | 2.1.2 | 17.00 | 119.00 | 136.00 | OK | |
| r-patched-linux-x86_64 | 2.1.2 | 13.78 | 109.60 | 123.38 | OK | |
| r-release-linux-x86_64 | 2.1.2 | 15.33 | 109.53 | 124.86 | OK | |
| r-release-macos-arm64 | 2.1.2 | 6.00 | 48.00 | 54.00 | OK | |
| r-release-macos-x86_64 | 2.1.2 | 12.00 | 83.00 | 95.00 | OK | |
| r-release-windows-x86_64 | 2.1.2 | 17.00 | 122.00 | 139.00 | OK | |
| r-oldrel-macos-arm64 | 2.1.2 | 6.00 | 40.00 | 46.00 | OK | |
| r-oldrel-macos-x86_64 | 2.1.2 | 9.00 | 61.00 | 70.00 | OK | |
| r-oldrel-windows-x86_64 | 2.1.2 | 24.00 | 155.00 | 179.00 | OK | 
Version: 2.1.2
Check: CRAN incoming feasibility
Result: NOTE
  Maintainer: ‘Matthias Greiner <matthias.greiner@bfr.bund.de>’
  
  Found the following \keyword or \concept entries
  which likely give several index terms:
    File ‘rriskDistributions-package.Rd’:
      \concept{
        Beta, Normal, Lognormal, Cauhy, Chi-Quad [TRUNCATED]
Flavors: r-devel-linux-x86_64-debian-clang, r-devel-linux-x86_64-debian-gcc