Last updated on 2024-08-25 05:49:33 CEST.
Flavor | Version | Tinstall | Tcheck | Ttotal | Status | Flags |
---|---|---|---|---|---|---|
r-devel-linux-x86_64-debian-clang | 3.0.0 | 42.33 | 43.72 | 86.05 | NOTE | |
r-devel-linux-x86_64-debian-gcc | 3.0.0 | 37.90 | 32.83 | 70.73 | NOTE | |
r-devel-linux-x86_64-fedora-clang | 3.0.0 | 154.00 | NOTE | |||
r-devel-linux-x86_64-fedora-gcc | 3.0.0 | 163.67 | NOTE | |||
r-devel-windows-x86_64 | 3.0.0 | 49.00 | 85.00 | 134.00 | NOTE | |
r-patched-linux-x86_64 | 3.0.0 | 43.58 | 42.28 | 85.86 | OK | |
r-release-linux-x86_64 | 3.0.0 | 41.06 | 41.98 | 83.04 | OK | |
r-release-macos-arm64 | 3.0.0 | 49.00 | OK | |||
r-release-macos-x86_64 | 3.0.0 | 80.00 | OK | |||
r-release-windows-x86_64 | 3.0.0 | 50.00 | 84.00 | 134.00 | OK | |
r-oldrel-macos-arm64 | 3.0.0 | 61.00 | OK | |||
r-oldrel-macos-x86_64 | 3.0.0 | 119.00 | OK | |||
r-oldrel-windows-x86_64 | 3.0.0 | 58.00 | 87.00 | 145.00 | OK |
Version: 3.0.0
Check: compiled code
Result: NOTE
File ‘rshift/libs/rshift.so’:
Found non-API calls to R: ‘PRCODE’, ‘PRENV’
Compiled code should not call non-API entry points in R.
See ‘Writing portable packages’ in the ‘Writing R Extensions’ manual,
and section ‘Moving into C API compliance’ for issues with the use of
non-API entry points.
Flavors: r-devel-linux-x86_64-debian-clang, r-devel-linux-x86_64-debian-gcc, r-devel-linux-x86_64-fedora-clang, r-devel-linux-x86_64-fedora-gcc
Version: 3.0.0
Check: compiled code
Result: NOTE
File 'rshift/libs/x64/rshift.dll':
Found non-API calls to R: 'PRCODE', 'PRENV'
Compiled code should not call non-API entry points in R.
See 'Writing portable packages' in the 'Writing R Extensions' manual,
and section 'Moving into C API compliance' for issues with the use of
non-API entry points.
Flavor: r-devel-windows-x86_64