Last updated on 2025-10-25 05:50:15 CEST.
| Flavor | Version | Tinstall | Tcheck | Ttotal | Status | Flags |
|---|---|---|---|---|---|---|
| r-devel-linux-x86_64-debian-clang | 0.1 | 90.31 | 77.91 | 168.22 | OK | |
| r-devel-linux-x86_64-debian-gcc | 0.1 | 73.17 | 59.31 | 132.48 | OK | |
| r-devel-linux-x86_64-fedora-clang | 0.1 | 145.00 | 94.39 | 239.39 | OK | |
| r-devel-linux-x86_64-fedora-gcc | 0.1 | 301.00 | -16.77 | 284.23 | OK | |
| r-devel-windows-x86_64 | 0.1 | 84.00 | 104.00 | 188.00 | OK | |
| r-patched-linux-x86_64 | 0.1 | 93.00 | 76.77 | 169.77 | OK | |
| r-release-linux-x86_64 | 0.1 | 90.24 | 77.63 | 167.87 | OK | |
| r-release-macos-arm64 | 0.1 | 38.00 | 36.00 | 74.00 | OK | |
| r-release-macos-x86_64 | 0.1 | 78.00 | 57.00 | 135.00 | OK | |
| r-release-windows-x86_64 | 0.1 | 116.00 | 104.00 | 220.00 | OK | |
| r-oldrel-macos-arm64 | 0.1 | 35.00 | 37.00 | 72.00 | NOTE | |
| r-oldrel-macos-x86_64 | 0.1 | 109.00 | 97.00 | 206.00 | NOTE | |
| r-oldrel-windows-x86_64 | 0.1 | 95.00 | 134.00 | 229.00 | OK |
Version: 0.1
Check: installed package size
Result: NOTE
installed size is 23.8Mb
sub-directories of 1Mb or more:
libs 23.6Mb
Flavors: r-oldrel-macos-arm64, r-oldrel-macos-x86_64