Last updated on 2025-11-16 04:48:52 CET.
| Flavor | Version | Tinstall | Tcheck | Ttotal | Status | Flags |
|---|---|---|---|---|---|---|
| r-devel-linux-x86_64-debian-clang | 0.2.8 | 6.51 | 38.86 | 45.37 | NOTE | |
| r-devel-linux-x86_64-debian-gcc | 0.2.8 | 4.86 | 28.49 | 33.35 | NOTE | |
| r-devel-linux-x86_64-fedora-clang | 0.2.8 | 13.00 | 53.25 | 66.25 | OK | |
| r-devel-linux-x86_64-fedora-gcc | 0.2.8 | 22.00 | 46.81 | 68.81 | OK | |
| r-devel-windows-x86_64 | 0.2.8 | 18.00 | 55.00 | 73.00 | OK | |
| r-patched-linux-x86_64 | 0.2.8 | 6.13 | 36.49 | 42.62 | OK | |
| r-release-linux-x86_64 | 0.2.8 | 6.15 | 36.78 | 42.93 | OK | |
| r-release-macos-arm64 | 0.2.8 | 5.00 | 20.00 | 25.00 | OK | |
| r-release-macos-x86_64 | 0.2.8 | 9.00 | 51.00 | 60.00 | OK | |
| r-release-windows-x86_64 | 0.2.8 | 12.00 | 54.00 | 66.00 | OK | |
| r-oldrel-macos-arm64 | 0.2.8 | 4.00 | 20.00 | 24.00 | OK | |
| r-oldrel-macos-x86_64 | 0.2.8 | 5.00 | 28.00 | 33.00 | OK | |
| r-oldrel-windows-x86_64 | 0.2.8 | 12.00 | 64.00 | 76.00 | OK |
Version: 0.2.8
Check: CRAN incoming feasibility
Result: NOTE
Maintainer: ‘Mark van der Loo <mark.vanderloo@gmail.com>’
No Authors@R field in DESCRIPTION.
Please add one, modifying
Authors@R: person(given = "Mark",
family = "van der Loo",
role = c("aut", "cre"),
email = "mark.vanderloo@gmail.com")
as necessary.
Flavors: r-devel-linux-x86_64-debian-clang, r-devel-linux-x86_64-debian-gcc