Last updated on 2025-10-25 05:50:15 CEST.
| Flavor | Version | Tinstall | Tcheck | Ttotal | Status | Flags |
|---|---|---|---|---|---|---|
| r-devel-linux-x86_64-debian-clang | 2.7.0 | 3.16 | 31.24 | 34.40 | OK | |
| r-devel-linux-x86_64-debian-gcc | 2.7.0 | 2.71 | 24.03 | 26.74 | OK | |
| r-devel-linux-x86_64-fedora-clang | 2.7.0 | 52.30 | OK | |||
| r-devel-linux-x86_64-fedora-gcc | 2.7.0 | 11.00 | 56.20 | 67.20 | OK | |
| r-devel-windows-x86_64 | 2.7.0 | 36.00 | 235.00 | 271.00 | OK | |
| r-patched-linux-x86_64 | 2.7.0 | 2.93 | 28.90 | 31.83 | OK | |
| r-release-linux-x86_64 | 2.7.0 | 2.87 | 29.10 | 31.97 | OK | |
| r-release-macos-arm64 | 2.7.0 | 12.00 | 97.00 | 109.00 | OK | |
| r-release-macos-x86_64 | 2.7.0 | 15.00 | 114.00 | 129.00 | OK | |
| r-release-windows-x86_64 | 2.7.0 | 40.00 | 228.00 | 268.00 | OK | |
| r-oldrel-macos-arm64 | 2.7.0 | 14.00 | 112.00 | 126.00 | NOTE | |
| r-oldrel-macos-x86_64 | 2.7.0 | 13.00 | 113.00 | 126.00 | NOTE | |
| r-oldrel-windows-x86_64 | 2.7.0 | 50.00 | 306.00 | 356.00 | NOTE |
Version: 2.7.0
Check: installed package size
Result: NOTE
installed size is 27.5Mb
sub-directories of 1Mb or more:
libs 27.1Mb
Flavors: r-oldrel-macos-arm64, r-oldrel-macos-x86_64, r-oldrel-windows-x86_64