Last updated on 2025-11-16 04:48:52 CET.
| Flavor | Version | Tinstall | Tcheck | Ttotal | Status | Flags |
|---|---|---|---|---|---|---|
| r-devel-linux-x86_64-debian-clang | 2.1.9 | 16.34 | 74.58 | 90.92 | OK | |
| r-devel-linux-x86_64-debian-gcc | 2.1.9 | 9.50 | 54.27 | 63.77 | NOTE | |
| r-devel-linux-x86_64-fedora-clang | 2.1.9 | 89.00 | 63.16 | 152.16 | OK | |
| r-devel-linux-x86_64-fedora-gcc | 2.1.9 | 40.00 | 98.64 | 138.64 | OK | |
| r-devel-windows-x86_64 | 2.1.9 | 20.00 | 95.00 | 115.00 | OK | |
| r-patched-linux-x86_64 | 2.1.9 | 17.59 | 71.94 | 89.53 | OK | |
| r-release-linux-x86_64 | 2.1.9 | 16.77 | 70.84 | 87.61 | OK | |
| r-release-macos-arm64 | 2.1.9 | 7.00 | 32.00 | 39.00 | OK | |
| r-release-macos-x86_64 | 2.1.9 | 28.00 | 72.00 | 100.00 | OK | |
| r-release-windows-x86_64 | 2.1.9 | 19.00 | 94.00 | 113.00 | OK | |
| r-oldrel-macos-arm64 | 2.1.9 | 7.00 | 37.00 | 44.00 | OK | |
| r-oldrel-macos-x86_64 | 2.1.9 | 22.00 | 67.00 | 89.00 | OK | |
| r-oldrel-windows-x86_64 | 2.1.9 | 26.00 | 115.00 | 141.00 | OK |
Version: 2.1.9
Check: CRAN incoming feasibility
Result: NOTE
Maintainer: ‘Katie Birchard <katie.birchard@apexrms.com>’
The BugReports field in DESCRIPTION has
https://github.com/syncrosim/rsyncrosim/issues/
which should likely be
https://github.com/syncrosim/rsyncrosim/issues/issues
instead.
Flavor: r-devel-linux-x86_64-debian-gcc