CRAN Package Check Results for Package rtop

Last updated on 2025-02-21 04:52:04 CET.

Flavor Version Tinstall Tcheck Ttotal Status Flags
r-devel-linux-x86_64-debian-clang 0.6-9 11.41 165.41 176.82 NOTE
r-devel-linux-x86_64-debian-gcc 0.6-9 7.71 101.06 108.77 NOTE
r-devel-linux-x86_64-fedora-clang 0.6-9 271.60 OK
r-devel-linux-x86_64-fedora-gcc 0.6-9 264.65 OK
r-devel-macos-arm64 0.6-9 64.00 OK
r-devel-macos-x86_64 0.6-9 153.00 OK
r-devel-windows-x86_64 0.6-9 14.00 149.00 163.00 NOTE
r-patched-linux-x86_64 0.6-9 17.54 144.90 162.44 OK
r-release-linux-x86_64 0.6-9 10.34 145.01 155.35 OK
r-release-macos-arm64 0.6-9 64.00 OK
r-release-macos-x86_64 0.6-9 109.00 OK
r-release-windows-x86_64 0.6-9 16.00 152.00 168.00 OK
r-oldrel-macos-arm64 0.6-9 89.00 OK
r-oldrel-macos-x86_64 0.6-9 155.00 OK
r-oldrel-windows-x86_64 0.6-9 18.00 177.00 195.00 OK

Check Details

Version: 0.6-9
Check: Rd cross-references
Result: NOTE Found the following Rd file(s) with Rd \link{} targets missing package anchors: getRtopParams.Rd: gstat Please provide package anchors for all Rd \link{} targets not in the package itself and the base packages. Flavors: r-devel-linux-x86_64-debian-clang, r-devel-linux-x86_64-debian-gcc, r-devel-windows-x86_64