Last updated on 2024-08-25 05:49:33 CEST.
Flavor | Version | Tinstall | Tcheck | Ttotal | Status | Flags |
---|---|---|---|---|---|---|
r-devel-linux-x86_64-debian-clang | 2.1.0 | 5.14 | 44.48 | 49.62 | NOTE | |
r-devel-linux-x86_64-debian-gcc | 2.1.0 | 3.89 | 34.17 | 38.06 | NOTE | |
r-devel-linux-x86_64-fedora-clang | 2.1.0 | 83.52 | NOTE | |||
r-devel-linux-x86_64-fedora-gcc | 2.1.0 | 76.42 | NOTE | |||
r-devel-windows-x86_64 | 2.1.0 | 7.00 | 66.00 | 73.00 | NOTE | |
r-patched-linux-x86_64 | 2.1.0 | 4.20 | 43.11 | 47.31 | NOTE | |
r-release-linux-x86_64 | 2.1.0 | 4.95 | 42.35 | 47.30 | NOTE | |
r-release-macos-arm64 | 2.1.0 | 28.00 | NOTE | |||
r-release-macos-x86_64 | 2.1.0 | 86.00 | NOTE | |||
r-release-windows-x86_64 | 2.1.0 | 6.00 | 67.00 | 73.00 | NOTE | |
r-oldrel-macos-arm64 | 2.1.0 | 27.00 | NOTE | |||
r-oldrel-macos-x86_64 | 2.1.0 | 40.00 | NOTE | |||
r-oldrel-windows-x86_64 | 2.1.0 | 9.00 | 75.00 | 84.00 | NOTE |
Version: 2.1.0
Check: LazyData
Result: NOTE
'LazyData' is specified without a 'data' directory
Flavors: r-devel-linux-x86_64-debian-clang, r-devel-linux-x86_64-debian-gcc, r-devel-linux-x86_64-fedora-clang, r-devel-linux-x86_64-fedora-gcc, r-devel-windows-x86_64, r-patched-linux-x86_64, r-release-linux-x86_64, r-release-macos-arm64, r-release-macos-x86_64, r-release-windows-x86_64, r-oldrel-macos-arm64, r-oldrel-macos-x86_64, r-oldrel-windows-x86_64