Last updated on 2024-08-25 05:49:33 CEST.
Flavor | Version | Tinstall | Tcheck | Ttotal | Status | Flags |
---|---|---|---|---|---|---|
r-devel-linux-x86_64-debian-clang | 0.3.2 | 135.77 | 354.66 | 490.43 | OK | |
r-devel-linux-x86_64-debian-gcc | 0.3.2 | 99.19 | 355.36 | 454.55 | OK | |
r-devel-linux-x86_64-fedora-clang | 0.3.2 | 721.12 | OK | |||
r-devel-linux-x86_64-fedora-gcc | 0.3.2 | 846.37 | OK | |||
r-devel-windows-x86_64 | 0.3.2 | 145.00 | 341.00 | 486.00 | NOTE | |
r-patched-linux-x86_64 | 0.3.2 | 138.19 | 416.57 | 554.76 | OK | |
r-release-linux-x86_64 | 0.3.2 | 140.77 | 416.18 | 556.95 | OK | |
r-release-macos-arm64 | 0.3.2 | 204.00 | NOTE | |||
r-release-macos-x86_64 | 0.3.2 | 285.00 | NOTE | |||
r-release-windows-x86_64 | 0.3.2 | 145.00 | 344.00 | 489.00 | NOTE | |
r-oldrel-macos-arm64 | 0.3.2 | 324.00 | NOTE | |||
r-oldrel-macos-x86_64 | 0.3.2 | 607.00 | NOTE | |||
r-oldrel-windows-x86_64 | 0.3.2 | 127.00 | 365.00 | 492.00 | NOTE |
Version: 0.3.2
Check: installed package size
Result: NOTE
installed size is 5.7Mb
sub-directories of 1Mb or more:
data 3.8Mb
libs 1.4Mb
Flavors: r-devel-windows-x86_64, r-release-macos-arm64, r-release-macos-x86_64, r-release-windows-x86_64, r-oldrel-macos-arm64, r-oldrel-macos-x86_64, r-oldrel-windows-x86_64