Last updated on 2024-08-25 05:49:33 CEST.
Flavor | Version | Tinstall | Tcheck | Ttotal | Status | Flags |
---|---|---|---|---|---|---|
r-devel-linux-x86_64-debian-clang | 2.0.13 | 79.16 | 57.36 | 136.52 | OK | |
r-devel-linux-x86_64-debian-gcc | 2.0.13 | 47.63 | 43.06 | 90.69 | OK | |
r-devel-linux-x86_64-fedora-clang | 2.0.13 | 197.06 | OK | |||
r-devel-linux-x86_64-fedora-gcc | 2.0.13 | 222.60 | OK | |||
r-devel-windows-x86_64 | 2.0.13 | 71.00 | 103.00 | 174.00 | OK | |
r-patched-linux-x86_64 | 2.0.13 | 69.83 | 55.36 | 125.19 | OK | |
r-release-linux-x86_64 | 2.0.13 | 66.48 | 54.80 | 121.28 | OK | |
r-release-macos-arm64 | 2.0.13 | 64.00 | NOTE | |||
r-release-macos-x86_64 | 2.0.13 | 77.00 | NOTE | |||
r-release-windows-x86_64 | 2.0.13 | 74.00 | 101.00 | 175.00 | OK | |
r-oldrel-macos-arm64 | 2.0.13 | 63.00 | NOTE | |||
r-oldrel-macos-x86_64 | 2.0.13 | 108.00 | NOTE | |||
r-oldrel-windows-x86_64 | 2.0.13 | 92.00 | 117.00 | 209.00 | OK |
Version: 2.0.13
Check: installed package size
Result: NOTE
installed size is 6.9Mb
sub-directories of 1Mb or more:
libs 6.7Mb
Flavors: r-release-macos-arm64, r-release-macos-x86_64, r-oldrel-macos-arm64, r-oldrel-macos-x86_64