Last updated on 2024-08-25 05:49:34 CEST.
Flavor | Version | Tinstall | Tcheck | Ttotal | Status | Flags |
---|---|---|---|---|---|---|
r-devel-linux-x86_64-debian-clang | 0.3.35 | 95.68 | 33.54 | 129.22 | OK | |
r-devel-linux-x86_64-debian-gcc | 0.3.35 | 77.83 | 23.46 | 101.29 | OK | |
r-devel-linux-x86_64-fedora-clang | 0.3.35 | 241.43 | OK | |||
r-devel-linux-x86_64-fedora-gcc | 0.3.35 | 244.17 | OK | |||
r-devel-windows-x86_64 | 0.3.35 | 84.00 | 66.00 | 150.00 | OK | |
r-patched-linux-x86_64 | 0.3.35 | 90.08 | 33.09 | 123.17 | OK | |
r-release-linux-x86_64 | 0.3.35 | 94.94 | 33.00 | 127.94 | OK | |
r-release-macos-arm64 | 0.3.35 | 55.00 | NOTE | |||
r-release-macos-x86_64 | 0.3.35 | 87.00 | NOTE | |||
r-release-windows-x86_64 | 0.3.35 | 84.00 | 72.00 | 156.00 | OK | |
r-oldrel-macos-arm64 | 0.3.35 | 64.00 | NOTE | |||
r-oldrel-macos-x86_64 | 0.3.35 | 132.00 | NOTE | |||
r-oldrel-windows-x86_64 | 0.3.35 | 88.00 | 94.00 | 182.00 | OK |
Version: 0.3.35
Check: installed package size
Result: NOTE
installed size is 7.6Mb
sub-directories of 1Mb or more:
libs 7.3Mb
Flavors: r-release-macos-arm64, r-release-macos-x86_64, r-oldrel-macos-arm64, r-oldrel-macos-x86_64