CRAN Package Check Results for Package sapfluxnetr

Last updated on 2025-02-22 04:51:27 CET.

Flavor Version Tinstall Tcheck Ttotal Status Flags
r-devel-linux-x86_64-debian-clang 0.1.4 10.41 194.39 204.80 NOTE
r-devel-linux-x86_64-debian-gcc 0.1.4 6.40 125.55 131.95 NOTE
r-devel-linux-x86_64-fedora-clang 0.1.4 319.81 OK
r-devel-linux-x86_64-fedora-gcc 0.1.4 325.69 OK
r-devel-macos-arm64 0.1.4 100.00 OK
r-devel-macos-x86_64 0.1.4 204.00 OK
r-devel-windows-x86_64 0.1.4 11.00 197.00 208.00 NOTE
r-patched-linux-x86_64 0.1.4 16.07 180.13 196.20 OK
r-release-linux-x86_64 0.1.4 8.35 181.08 189.43 OK
r-release-macos-arm64 0.1.4 90.00 OK
r-release-macos-x86_64 0.1.4 157.00 OK
r-release-windows-x86_64 0.1.4 14.00 197.00 211.00 OK
r-oldrel-macos-arm64 0.1.4 90.00 OK
r-oldrel-macos-x86_64 0.1.4 160.00 OK
r-oldrel-windows-x86_64 0.1.4 16.00 242.00 258.00 OK

Check Details

Version: 0.1.4
Check: Rd cross-references
Result: NOTE Found the following Rd file(s) with Rd \link{} targets missing package anchors: sfn_plot.Rd: geom_point, geom_col Please provide package anchors for all Rd \link{} targets not in the package itself and the base packages. Flavors: r-devel-linux-x86_64-debian-clang, r-devel-linux-x86_64-debian-gcc, r-devel-windows-x86_64