Last updated on 2025-11-16 04:48:52 CET.
| Flavor | Version | Tinstall | Tcheck | Ttotal | Status | Flags |
|---|---|---|---|---|---|---|
| r-devel-linux-x86_64-debian-clang | 0.8.0 | 2.26 | 50.87 | 53.13 | NOTE | |
| r-devel-linux-x86_64-debian-gcc | 0.8.0 | 1.61 | 38.91 | 40.52 | NOTE | |
| r-devel-linux-x86_64-fedora-clang | 0.8.0 | 88.54 | NOTE | |||
| r-devel-linux-x86_64-fedora-gcc | 0.8.0 | 96.52 | NOTE | |||
| r-devel-windows-x86_64 | 0.8.0 | 4.00 | 65.00 | 69.00 | NOTE | |
| r-patched-linux-x86_64 | 0.8.0 | 2.71 | 48.66 | 51.37 | NOTE | |
| r-release-linux-x86_64 | 0.8.0 | 2.11 | 48.28 | 50.39 | NOTE | |
| r-release-macos-arm64 | 0.8.0 | 1.00 | 39.00 | 40.00 | NOTE | |
| r-release-macos-x86_64 | 0.8.0 | 2.00 | 72.00 | 74.00 | NOTE | |
| r-release-windows-x86_64 | 0.8.0 | 5.00 | 64.00 | 69.00 | NOTE | |
| r-oldrel-macos-arm64 | 0.8.0 | 1.00 | 34.00 | 35.00 | OK | |
| r-oldrel-macos-x86_64 | 0.8.0 | 2.00 | 55.00 | 57.00 | OK | |
| r-oldrel-windows-x86_64 | 0.8.0 | 5.00 | 79.00 | 84.00 | OK |
Version: 0.8.0
Check: DESCRIPTION meta-information
Result: NOTE
Missing dependency on R >= 4.1.0 because package code uses the pipe
|> or function shorthand \(...) syntax added in R 4.1.0.
File(s) using such syntax:
‘cmc_psat.Rd’ ‘h-fun.R’ ‘mc-test.R’ ‘tshift.R’
Flavors: r-devel-linux-x86_64-debian-clang, r-devel-linux-x86_64-debian-gcc, r-devel-linux-x86_64-fedora-clang, r-devel-linux-x86_64-fedora-gcc, r-devel-windows-x86_64, r-patched-linux-x86_64, r-release-linux-x86_64, r-release-macos-arm64, r-release-macos-x86_64, r-release-windows-x86_64
Version: 0.8.0
Check: CRAN incoming feasibility
Result: NOTE
Maintainer: ‘Lucas da Cunha Godoy <lcgodoy@duck.com>’
The BugReports field in DESCRIPTION has
https://github.com/lcgodoy/sapo/issues/
which should likely be
https://github.com/lcgodoy/sapo/issues/issues
instead.
Flavor: r-devel-linux-x86_64-debian-gcc