Last updated on 2025-11-16 04:48:53 CET.
| Flavor | Version | Tinstall | Tcheck | Ttotal | Status | Flags |
|---|---|---|---|---|---|---|
| r-devel-linux-x86_64-debian-clang | 1.1.3 | 49.96 | 232.23 | 282.19 | OK | |
| r-devel-linux-x86_64-debian-gcc | 1.1.3 | 31.03 | 148.00 | 179.03 | OK | |
| r-devel-linux-x86_64-fedora-clang | 1.1.3 | 294.00 | 184.27 | 478.27 | OK | |
| r-devel-linux-x86_64-fedora-gcc | 1.1.3 | 117.00 | 337.75 | 454.75 | OK | |
| r-devel-windows-x86_64 | 1.1.3 | 58.00 | 281.00 | 339.00 | OK | |
| r-patched-linux-x86_64 | 1.1.3 | 50.28 | 219.37 | 269.65 | OK | |
| r-release-linux-x86_64 | 1.1.3 | 48.03 | 222.24 | 270.27 | OK | |
| r-release-macos-arm64 | 1.1.3 | 19.00 | 116.00 | 135.00 | OK | |
| r-release-macos-x86_64 | 1.1.3 | 29.00 | 209.00 | 238.00 | OK | |
| r-release-windows-x86_64 | 1.1.3 | 56.00 | 283.00 | 339.00 | OK | |
| r-oldrel-macos-arm64 | 1.1.3 | 18.00 | 113.00 | 131.00 | NOTE | |
| r-oldrel-macos-x86_64 | 1.1.3 | 32.00 | 223.00 | 255.00 | NOTE | |
| r-oldrel-windows-x86_64 | 1.1.3 | 67.00 | 349.00 | 416.00 | OK |
Version: 1.1.3
Check: installed package size
Result: NOTE
installed size is 6.1Mb
sub-directories of 1Mb or more:
libs 3.9Mb
Flavors: r-oldrel-macos-arm64, r-oldrel-macos-x86_64