Last updated on 2025-11-16 04:48:53 CET.
| Flavor | Version | Tinstall | Tcheck | Ttotal | Status | Flags |
|---|---|---|---|---|---|---|
| r-devel-linux-x86_64-debian-clang | 0.0.1 | 1.39 | 19.78 | 21.17 | OK | |
| r-devel-linux-x86_64-debian-gcc | 0.0.1 | 1.31 | 16.92 | 18.23 | NOTE | |
| r-devel-linux-x86_64-fedora-clang | 0.0.1 | 30.13 | OK | |||
| r-devel-linux-x86_64-fedora-gcc | 0.0.1 | 29.49 | OK | |||
| r-devel-windows-x86_64 | 0.0.1 | 6.00 | 38.00 | 44.00 | OK | |
| r-patched-linux-x86_64 | 0.0.1 | 1.72 | 17.63 | 19.35 | OK | |
| r-release-linux-x86_64 | 0.0.1 | 1.45 | 17.82 | 19.27 | OK | |
| r-release-macos-arm64 | 0.0.1 | 1.00 | 15.00 | 16.00 | OK | |
| r-release-macos-x86_64 | 0.0.1 | 2.00 | 20.00 | 22.00 | OK | |
| r-release-windows-x86_64 | 0.0.1 | 4.00 | 37.00 | 41.00 | OK | |
| r-oldrel-macos-arm64 | 0.0.1 | 1.00 | 12.00 | 13.00 | NOTE | |
| r-oldrel-macos-x86_64 | 0.0.1 | 1.00 | 18.00 | 19.00 | NOTE | |
| r-oldrel-windows-x86_64 | 0.0.1 | 4.00 | 40.00 | 44.00 | NOTE |
Version: 0.0.1
Check: CRAN incoming feasibility
Result: NOTE
Maintainer: ‘Roberto Villegas-Diaz <villegas.roberto@hotmail.com>’
The BugReports field in DESCRIPTION has
https://github.com/villegar/scrappy/issues/
which should likely be
https://github.com/villegar/scrappy/issues/issues
instead.
Flavor: r-devel-linux-x86_64-debian-gcc
Version: 0.0.1
Check: LazyData
Result: NOTE
'LazyData' is specified without a 'data' directory
Flavors: r-oldrel-macos-arm64, r-oldrel-macos-x86_64, r-oldrel-windows-x86_64