Last updated on 2024-07-22 05:50:02 CEST.
Flavor | Version | Tinstall | Tcheck | Ttotal | Status | Flags |
---|---|---|---|---|---|---|
r-devel-linux-x86_64-debian-clang | 3.1.0 | 90.66 | 148.22 | 238.88 | OK | |
r-devel-linux-x86_64-debian-gcc | 3.1.0 | 63.39 | 118.51 | 181.90 | NOTE | |
r-devel-linux-x86_64-fedora-clang | 3.1.0 | 333.26 | OK | |||
r-devel-linux-x86_64-fedora-gcc | 3.1.0 | 361.17 | OK | |||
r-devel-windows-x86_64 | 3.1.0 | 74.00 | 149.00 | 223.00 | NOTE | |
r-patched-linux-x86_64 | 3.1.0 | 87.77 | 147.65 | 235.42 | OK | |
r-release-linux-x86_64 | 3.1.0 | 71.34 | 144.98 | 216.32 | OK | |
r-release-macos-arm64 | 3.1.0 | 99.00 | NOTE | |||
r-release-macos-x86_64 | 3.1.0 | 114.00 | NOTE | |||
r-release-windows-x86_64 | 3.1.0 | 81.00 | 145.00 | 226.00 | OK | |
r-oldrel-macos-arm64 | 3.1.0 | 115.00 | NOTE | |||
r-oldrel-macos-x86_64 | 3.1.0 | 220.00 | NOTE | |||
r-oldrel-windows-x86_64 | 3.1.0 | 98.00 | 179.00 | 277.00 | OK |
Version: 3.1.0
Check: Rd cross-references
Result: NOTE
Found the following Rd file(s) with Rd \link{} targets missing package
anchors:
cla_secsse_ml.Rd: DDD
cla_secsse_ml_func_def_pars.Rd: DDD
default_params_doc.Rd: DDD
secsse_ml.Rd: DDD
secsse_ml_func_def_pars.Rd: DDD
Please provide package anchors for all Rd \link{} targets not in the
package itself and the base packages.
Flavors: r-devel-linux-x86_64-debian-gcc, r-devel-windows-x86_64
Version: 3.1.0
Check: installed package size
Result: NOTE
installed size is 9.8Mb
sub-directories of 1Mb or more:
doc 1.1Mb
libs 8.4Mb
Flavors: r-release-macos-arm64, r-release-macos-x86_64, r-oldrel-macos-arm64, r-oldrel-macos-x86_64