Last updated on 2025-02-21 04:52:05 CET.
Flavor | Version | Tinstall | Tcheck | Ttotal | Status | Flags |
---|---|---|---|---|---|---|
r-devel-linux-x86_64-debian-clang | 0.9.1 | 7.67 | 58.38 | 66.05 | NOTE | |
r-devel-linux-x86_64-debian-gcc | 0.9.1 | 6.03 | 38.96 | 44.99 | NOTE | |
r-devel-linux-x86_64-fedora-clang | 0.9.1 | 103.99 | OK | |||
r-devel-linux-x86_64-fedora-gcc | 0.9.1 | 111.41 | OK | |||
r-devel-macos-arm64 | 0.9.1 | 44.00 | OK | |||
r-devel-macos-x86_64 | 0.9.1 | 69.00 | OK | |||
r-devel-windows-x86_64 | 0.9.1 | 8.00 | 74.00 | 82.00 | NOTE | |
r-patched-linux-x86_64 | 0.9.1 | 16.67 | 53.43 | 70.10 | OK | |
r-release-linux-x86_64 | 0.9.1 | 5.10 | 54.00 | 59.10 | OK | |
r-release-macos-arm64 | 0.9.1 | 39.00 | NOTE | |||
r-release-macos-x86_64 | 0.9.1 | 62.00 | NOTE | |||
r-release-windows-x86_64 | 0.9.1 | 9.00 | 73.00 | 82.00 | OK | |
r-oldrel-macos-arm64 | 0.9.1 | 39.00 | NOTE | |||
r-oldrel-macos-x86_64 | 0.9.1 | 57.00 | NOTE | |||
r-oldrel-windows-x86_64 | 0.9.1 | 10.00 | 86.00 | 96.00 | OK |
Version: 0.9.1
Check: Rd cross-references
Result: NOTE
Found the following Rd file(s) with Rd \link{} targets missing package
anchors:
seeds-package.Rd: Deriv, ode
Please provide package anchors for all Rd \link{} targets not in the
package itself and the base packages.
Flavors: r-devel-linux-x86_64-debian-clang, r-devel-linux-x86_64-debian-gcc, r-devel-windows-x86_64
Version: 0.9.1
Check: package dependencies
Result: NOTE
Package suggested but not available for checking: ‘rsbml’
Flavors: r-release-macos-arm64, r-release-macos-x86_64, r-oldrel-macos-arm64, r-oldrel-macos-x86_64