Last updated on 2024-08-25 05:49:34 CEST.
Flavor | Version | Tinstall | Tcheck | Ttotal | Status | Flags |
---|---|---|---|---|---|---|
r-devel-linux-x86_64-debian-clang | 1.2.5 | 36.61 | 99.41 | 136.02 | OK | |
r-devel-linux-x86_64-debian-gcc | 1.2.5 | 26.26 | 67.14 | 93.40 | OK | |
r-devel-linux-x86_64-fedora-clang | 1.2.5 | 242.15 | OK | |||
r-devel-linux-x86_64-fedora-gcc | 1.2.5 | 229.83 | OK | |||
r-devel-windows-x86_64 | 1.2.5 | 41.00 | 130.00 | 171.00 | OK | |
r-patched-linux-x86_64 | 1.2.5 | 35.98 | 93.45 | 129.43 | OK | |
r-release-linux-x86_64 | 1.2.5 | 32.70 | 94.37 | 127.07 | OK | |
r-release-macos-arm64 | 1.2.5 | 57.00 | OK | |||
r-release-macos-x86_64 | 1.2.5 | 75.00 | OK | |||
r-release-windows-x86_64 | 1.2.5 | 42.00 | 130.00 | 172.00 | OK | |
r-oldrel-macos-arm64 | 1.2.5 | 63.00 | OK | |||
r-oldrel-macos-x86_64 | 1.2.5 | 115.00 | NOTE | |||
r-oldrel-windows-x86_64 | 1.2.5 | 54.00 | 160.00 | 214.00 | OK |
Version: 1.2.5
Check: package dependencies
Result: NOTE
Package suggested but not available for checking: ‘Rmpfr’
Flavor: r-oldrel-macos-x86_64