Last updated on 2025-11-16 04:48:53 CET.
| Flavor | Version | Tinstall | Tcheck | Ttotal | Status | Flags |
|---|---|---|---|---|---|---|
| r-devel-linux-x86_64-debian-clang | 0.2.0 | 12.34 | 104.02 | 116.36 | NOTE | |
| r-devel-linux-x86_64-debian-gcc | 0.2.0 | 8.72 | 74.52 | 83.24 | NOTE | |
| r-devel-linux-x86_64-fedora-clang | 0.2.0 | 29.00 | 150.99 | 179.99 | OK | |
| r-devel-linux-x86_64-fedora-gcc | 0.2.0 | 27.00 | 145.27 | 172.27 | OK | |
| r-devel-windows-x86_64 | 0.2.0 | 20.00 | 102.00 | 122.00 | OK | |
| r-patched-linux-x86_64 | 0.2.0 | 12.29 | 100.00 | 112.29 | OK | |
| r-release-linux-x86_64 | 0.2.0 | 12.89 | 99.90 | 112.79 | OK | |
| r-release-macos-arm64 | 0.2.0 | 5.00 | 42.00 | 47.00 | OK | |
| r-release-macos-x86_64 | 0.2.0 | 12.00 | 80.00 | 92.00 | OK | |
| r-release-windows-x86_64 | 0.2.0 | 14.00 | 101.00 | 115.00 | OK | |
| r-oldrel-macos-arm64 | 0.2.0 | 6.00 | 39.00 | 45.00 | OK | |
| r-oldrel-macos-x86_64 | 0.2.0 | 9.00 | 59.00 | 68.00 | OK | |
| r-oldrel-windows-x86_64 | 0.2.0 | 20.00 | 131.00 | 151.00 | OK |
Version: 0.2.0
Check: CRAN incoming feasibility
Result: NOTE
Maintainer: ‘Yiran Zhang <yiz038@health.ucsd.edu>’
No Authors@R field in DESCRIPTION.
Please add one, modifying
Authors@R: person(given = "Yiran",
family = "Zhang",
role = c("aut", "cre"),
email = "yiz038@health.ucsd.edu")
as necessary.
The Description field contains
Zhang, Y. and Xu, R. (2022) <arXiv:2204.10426>.
Please refer to arXiv e-prints via their arXiv DOI <doi:10.48550/arXiv.YYMM.NNNNN>.
Flavors: r-devel-linux-x86_64-debian-clang, r-devel-linux-x86_64-debian-gcc