Last updated on 2025-11-16 04:48:53 CET.
| Flavor | Version | Tinstall | Tcheck | Ttotal | Status | Flags |
|---|---|---|---|---|---|---|
| r-devel-linux-x86_64-debian-clang | 2.3.7 | 7.93 | 341.48 | 349.41 | OK | |
| r-devel-linux-x86_64-debian-gcc | 2.3.7 | 5.09 | 222.88 | 227.97 | OK | |
| r-devel-linux-x86_64-fedora-clang | 2.3.7 | 31.00 | 500.22 | 531.22 | NOTE | |
| r-devel-linux-x86_64-fedora-gcc | 2.3.7 | 20.00 | 606.63 | 626.63 | NOTE | |
| r-devel-windows-x86_64 | 2.3.7 | 17.00 | 632.00 | 649.00 | OK | |
| r-patched-linux-x86_64 | 2.3.7 | 9.20 | 333.25 | 342.45 | OK | |
| r-release-linux-x86_64 | 2.3.7 | 6.95 | 332.26 | 339.21 | OK | |
| r-release-macos-arm64 | 2.3.7 | 3.00 | 263.00 | 266.00 | OK | |
| r-release-macos-x86_64 | 2.3.7 | 7.00 | 546.00 | 553.00 | OK | |
| r-release-windows-x86_64 | 2.3.7 | 9.00 | 641.00 | 650.00 | OK | |
| r-oldrel-macos-arm64 | 2.3.7 | 3.00 | 263.00 | 266.00 | OK | |
| r-oldrel-macos-x86_64 | 2.3.7 | 7.00 | 589.00 | 596.00 | OK | |
| r-oldrel-windows-x86_64 | 2.3.7 | 13.00 | 832.00 | 845.00 | NOTE |
Version: 2.3.7
Check: dependencies in R code
Result: NOTE
Namespaces in Imports field not imported from:
‘knitr’ ‘rmarkdown’ ‘webp’
All declared Imports should be used.
Flavors: r-devel-linux-x86_64-fedora-clang, r-devel-linux-x86_64-fedora-gcc
Version: 2.3.7
Check: package dependencies
Result: NOTE
Package which this enhances but not available for checking: 'semPlot'
Flavor: r-oldrel-windows-x86_64