Last updated on 2025-02-22 04:51:27 CET.
Flavor | Version | Tinstall | Tcheck | Ttotal | Status | Flags |
---|---|---|---|---|---|---|
r-devel-linux-x86_64-debian-clang | 1.0.2 | 6.22 | 66.34 | 72.56 | NOTE | |
r-devel-linux-x86_64-debian-gcc | 1.0.2 | 4.97 | 48.72 | 53.69 | NOTE | |
r-devel-linux-x86_64-fedora-clang | 1.0.2 | 114.17 | OK | |||
r-devel-linux-x86_64-fedora-gcc | 1.0.2 | 107.63 | OK | |||
r-devel-macos-arm64 | 1.0.2 | 35.00 | OK | |||
r-devel-macos-x86_64 | 1.0.2 | 67.00 | OK | |||
r-devel-windows-x86_64 | 1.0.2 | 9.00 | 83.00 | 92.00 | NOTE | |
r-patched-linux-x86_64 | 1.0.2 | 8.97 | 62.44 | 71.41 | OK | |
r-release-linux-x86_64 | 1.0.2 | 7.35 | 62.64 | 69.99 | OK | |
r-release-macos-arm64 | 1.0.2 | 36.00 | OK | |||
r-release-macos-x86_64 | 1.0.2 | 52.00 | OK | |||
r-release-windows-x86_64 | 1.0.2 | 8.00 | 82.00 | 90.00 | OK | |
r-oldrel-macos-arm64 | 1.0.2 | 37.00 | OK | |||
r-oldrel-macos-x86_64 | 1.0.2 | 61.00 | OK | |||
r-oldrel-windows-x86_64 | 1.0.2 | 10.00 | 101.00 | 111.00 | OK |
Version: 1.0.2
Check: Rd cross-references
Result: NOTE
Found the following Rd file(s) with Rd \link{} targets missing package
anchors:
avg.modindices.Rd: sem
bin.results.Rd: sem
bin.rsquare.Rd: sem
gam.path.Rd: sem, gam
modelsummary.Rd: sem
plotmodelfit.Rd: sem
plotpath.Rd: sem
runModels.Rd: lavaan, sem
sesem-package.Rd: sem, lavaan
Please provide package anchors for all Rd \link{} targets not in the
package itself and the base packages.
Flavors: r-devel-linux-x86_64-debian-clang, r-devel-linux-x86_64-debian-gcc, r-devel-windows-x86_64