Last updated on 2025-02-22 04:51:28 CET.
Flavor | Version | Tinstall | Tcheck | Ttotal | Status | Flags |
---|---|---|---|---|---|---|
r-devel-linux-x86_64-debian-clang | 0.2.0 | 35.09 | 163.20 | 198.29 | OK | |
r-devel-linux-x86_64-debian-gcc | 0.2.0 | 19.65 | 116.22 | 135.87 | OK | |
r-devel-linux-x86_64-fedora-clang | 0.2.0 | 313.94 | OK | |||
r-devel-linux-x86_64-fedora-gcc | 0.2.0 | 309.98 | OK | |||
r-devel-macos-arm64 | 0.2.0 | 105.00 | OK | |||
r-devel-macos-x86_64 | 0.2.0 | 179.00 | OK | |||
r-devel-windows-x86_64 | 0.2.0 | 30.00 | 184.00 | 214.00 | OK | |
r-patched-linux-x86_64 | 0.2.0 | 26.47 | 153.40 | 179.87 | OK | |
r-release-linux-x86_64 | 0.2.0 | 30.55 | 151.49 | 182.04 | OK | |
r-release-macos-arm64 | 0.2.0 | 106.00 | NOTE | |||
r-release-macos-x86_64 | 0.2.0 | 239.00 | NOTE | |||
r-release-windows-x86_64 | 0.2.0 | 31.00 | 183.00 | 214.00 | NOTE | |
r-oldrel-macos-arm64 | 0.2.0 | 97.00 | NOTE | |||
r-oldrel-macos-x86_64 | 0.2.0 | 173.00 | NOTE | |||
r-oldrel-windows-x86_64 | 0.2.0 | 43.00 | 215.00 | 258.00 | NOTE |
Version: 0.2.0
Check: installed package size
Result: NOTE
installed size is 6.8Mb
sub-directories of 1Mb or more:
R 1.1Mb
doc 5.2Mb
Flavors: r-release-macos-arm64, r-release-macos-x86_64, r-release-windows-x86_64, r-oldrel-macos-arm64, r-oldrel-macos-x86_64, r-oldrel-windows-x86_64