Last updated on 2025-10-25 05:50:17 CEST.
| Flavor | Version | Tinstall | Tcheck | Ttotal | Status | Flags |
|---|---|---|---|---|---|---|
| r-devel-linux-x86_64-debian-clang | 1.0.1 | 12.37 | 183.41 | 195.78 | OK | |
| r-devel-linux-x86_64-debian-gcc | 1.0.1 | 7.09 | 130.53 | 137.62 | OK | |
| r-devel-linux-x86_64-fedora-clang | 1.0.1 | 26.00 | 270.41 | 296.41 | OK | |
| r-devel-linux-x86_64-fedora-gcc | 1.0.1 | 31.00 | 271.61 | 302.61 | OK | |
| r-devel-windows-x86_64 | 1.0.1 | 12.00 | 159.00 | 171.00 | OK | |
| r-patched-linux-x86_64 | 1.0.1 | 11.78 | 172.34 | 184.12 | OK | |
| r-release-linux-x86_64 | 1.0.1 | 11.31 | 172.01 | 183.32 | OK | |
| r-release-macos-arm64 | 1.0.1 | 5.00 | 88.00 | 93.00 | OK | |
| r-release-macos-x86_64 | 1.0.1 | 15.00 | 222.00 | 237.00 | OK | |
| r-release-windows-x86_64 | 1.0.1 | 14.00 | 159.00 | 173.00 | OK | |
| r-oldrel-macos-arm64 | 1.0.1 | 6.00 | 78.00 | 84.00 | NOTE | |
| r-oldrel-macos-x86_64 | 1.0.1 | 10.00 | 185.00 | 195.00 | NOTE | |
| r-oldrel-windows-x86_64 | 1.0.1 | 18.00 | 220.00 | 238.00 | OK |
Version: 1.0.1
Check: package dependencies
Result: NOTE
Package suggested but not available for checking: ‘INLA’
Flavors: r-oldrel-macos-arm64, r-oldrel-macos-x86_64