CRAN Package Check Results for Package sfheaders

Last updated on 2025-02-20 04:51:29 CET.

Flavor Version Tinstall Tcheck Ttotal Status Flags
r-devel-linux-x86_64-debian-clang 0.4.4 89.18 40.13 129.31 NOTE
r-devel-linux-x86_64-debian-gcc 0.4.4 72.27 28.07 100.34 NOTE
r-devel-linux-x86_64-fedora-clang 0.4.4 216.27 NOTE
r-devel-linux-x86_64-fedora-gcc 0.4.4 246.01 NOTE
r-devel-macos-arm64 0.4.4 55.00 NOTE
r-devel-macos-x86_64 0.4.4 123.00 NOTE
r-devel-windows-x86_64 0.4.4 90.00 92.00 182.00 NOTE
r-patched-linux-x86_64 0.4.4 97.02 38.29 135.31 OK
r-release-linux-x86_64 0.4.4 91.36 38.00 129.36 OK
r-release-macos-arm64 0.4.4 57.00 NOTE
r-release-macos-x86_64 0.4.4 69.00 NOTE
r-release-windows-x86_64 0.4.4 89.00 90.00 179.00 OK
r-oldrel-macos-arm64 0.4.4 66.00 NOTE
r-oldrel-macos-x86_64 0.4.4 100.00 NOTE
r-oldrel-windows-x86_64 0.4.4 109.00 105.00 214.00 OK

Check Details

Version: 0.4.4
Check: compiled code
Result: NOTE File ‘sfheaders/libs/sfheaders.so’: Found non-API call to R: ‘STRING_PTR’ Compiled code should not call non-API entry points in R. See ‘Writing portable packages’ in the ‘Writing R Extensions’ manual, and section ‘Moving into C API compliance’ for issues with the use of non-API entry points. Flavors: r-devel-linux-x86_64-debian-clang, r-devel-linux-x86_64-debian-gcc, r-devel-linux-x86_64-fedora-clang, r-devel-linux-x86_64-fedora-gcc, r-devel-macos-arm64, r-devel-macos-x86_64

Version: 0.4.4
Check: compiled code
Result: NOTE File 'sfheaders/libs/x64/sfheaders.dll': Found non-API call to R: 'STRING_PTR' Compiled code should not call non-API entry points in R. See 'Writing portable packages' in the 'Writing R Extensions' manual, and section 'Moving into C API compliance' for issues with the use of non-API entry points. Flavor: r-devel-windows-x86_64

Version: 0.4.4
Check: installed package size
Result: NOTE installed size is 8.0Mb sub-directories of 1Mb or more: libs 7.4Mb Flavors: r-release-macos-arm64, r-release-macos-x86_64, r-oldrel-macos-arm64, r-oldrel-macos-x86_64