CRAN Package Check Results for Package shar

Last updated on 2025-11-16 04:48:54 CET.

Flavor Version Tinstall Tcheck Ttotal Status Flags
r-devel-linux-x86_64-debian-clang 2.3.1 6.16 228.28 234.44 OK
r-devel-linux-x86_64-debian-gcc 2.3.1 5.14 151.90 157.04 NOTE
r-devel-linux-x86_64-fedora-clang 2.3.1 16.00 359.79 375.79 OK
r-devel-linux-x86_64-fedora-gcc 2.3.1 21.00 361.95 382.95 OK
r-devel-windows-x86_64 2.3.1 12.00 219.00 231.00 OK
r-patched-linux-x86_64 2.3.1 8.05 219.78 227.83 OK
r-release-linux-x86_64 2.3.1 6.66 216.27 222.93 OK
r-release-macos-arm64 2.3.1 4.00 104.00 108.00 OK
r-release-macos-x86_64 2.3.1 8.00 201.00 209.00 OK
r-release-windows-x86_64 2.3.1 10.00 217.00 227.00 OK
r-oldrel-macos-arm64 2.3.1 6.00 143.00 149.00 OK
r-oldrel-macos-x86_64 2.3.1 8.00 285.00 293.00 OK
r-oldrel-windows-x86_64 2.3.1 12.00 370.00 382.00 OK

Check Details

Version: 2.3.1
Check: CRAN incoming feasibility
Result: NOTE Maintainer: ‘Maximilian H.K. Hesselbarth <mhk.hesselbarth@gmail.com>’ The BugReports field in DESCRIPTION has https://github.com/r-spatialecology/shar/issues/ which should likely be https://github.com/r-spatialecology/shar/issues/issues instead. Flavor: r-devel-linux-x86_64-debian-gcc