CRAN Package Check Results for Package shinyHeatmaply

Last updated on 2025-02-21 04:52:06 CET.

Flavor Version Tinstall Tcheck Ttotal Status Flags
r-devel-linux-x86_64-debian-clang 0.2.0 7.59 55.97 63.56 OK
r-devel-linux-x86_64-debian-gcc 0.2.0 4.85 38.14 42.99 OK
r-devel-linux-x86_64-fedora-clang 0.2.0 107.21 OK
r-devel-linux-x86_64-fedora-gcc 0.2.0 90.18 OK
r-devel-macos-arm64 0.2.0 35.00 OK
r-devel-macos-x86_64 0.2.0 52.00 OK
r-devel-windows-x86_64 0.2.0 9.00 80.00 89.00 OK
r-patched-linux-x86_64 0.2.0 6.05 49.78 55.83 NOTE
r-release-linux-x86_64 0.2.0 4.67 49.52 54.19 NOTE
r-release-macos-arm64 0.2.0 30.00 NOTE
r-release-macos-x86_64 0.2.0 45.00 NOTE
r-release-windows-x86_64 0.2.0 9.00 68.00 77.00 NOTE
r-oldrel-macos-arm64 0.2.0 35.00 NOTE
r-oldrel-macos-x86_64 0.2.0 47.00 NOTE
r-oldrel-windows-x86_64 0.2.0 11.00 82.00 93.00 NOTE

Check Details

Version: 0.2.0
Check: LazyData
Result: NOTE 'LazyData' is specified without a 'data' directory Flavors: r-patched-linux-x86_64, r-release-linux-x86_64, r-release-macos-arm64, r-release-macos-x86_64, r-release-windows-x86_64, r-oldrel-macos-arm64, r-oldrel-macos-x86_64, r-oldrel-windows-x86_64