Last updated on 2025-11-16 04:48:54 CET.
| Flavor | Version | Tinstall | Tcheck | Ttotal | Status | Flags |
|---|---|---|---|---|---|---|
| r-devel-linux-x86_64-debian-clang | 0.8.6 | 7.51 | 53.45 | 60.96 | NOTE | |
| r-devel-linux-x86_64-debian-gcc | 0.8.6 | 5.06 | 39.96 | 45.02 | NOTE | |
| r-devel-linux-x86_64-fedora-clang | 0.8.6 | 17.00 | 77.54 | 94.54 | OK | |
| r-devel-linux-x86_64-fedora-gcc | 0.8.6 | 20.00 | 69.58 | 89.58 | OK | |
| r-devel-windows-x86_64 | 0.8.6 | 14.00 | 66.00 | 80.00 | OK | |
| r-patched-linux-x86_64 | 0.8.6 | 7.95 | 51.00 | 58.95 | OK | |
| r-release-linux-x86_64 | 0.8.6 | 7.84 | 50.45 | 58.29 | OK | |
| r-release-macos-arm64 | 0.8.6 | 4.00 | 26.00 | 30.00 | OK | |
| r-release-macos-x86_64 | 0.8.6 | 4.00 | 44.00 | 48.00 | OK | |
| r-release-windows-x86_64 | 0.8.6 | 12.00 | 65.00 | 77.00 | OK | |
| r-oldrel-macos-arm64 | 0.8.6 | 4.00 | 24.00 | 28.00 | OK | |
| r-oldrel-macos-x86_64 | 0.8.6 | 6.00 | 37.00 | 43.00 | OK | |
| r-oldrel-windows-x86_64 | 0.8.6 | 15.00 | 78.00 | 93.00 | OK |
Version: 0.8.6
Check: CRAN incoming feasibility
Result: NOTE
Maintainer: ‘Reneé González-Guzmán <rguzman@geociencias.unam.mx>’
Package CITATION file contains call(s) to old-style personList() or
as.personList(). Please use c() on person objects instead.
Package CITATION file contains call(s) to old-style citEntry(). Please
use bibentry() instead.
Flavor: r-devel-linux-x86_64-debian-clang
Version: 0.8.6
Check: CRAN incoming feasibility
Result: NOTE
Maintainer: ‘Reneé González-Guzmán <rguzman@geociencias.unam.mx>’
Package CITATION file contains call(s) to old-style personList() or
as.personList(). Please use c() on person objects instead.
Package CITATION file contains call(s) to old-style citEntry(). Please
use bibentry() instead.
The BugReports field in DESCRIPTION has
https://github.com/TheRFrog/shinyNORRRM/issues/
which should likely be
https://github.com/TheRFrog/shinyNORRRM/issues/issues
instead.
Flavor: r-devel-linux-x86_64-debian-gcc