Last updated on 2025-02-22 04:51:28 CET.
Flavor | Version | Tinstall | Tcheck | Ttotal | Status | Flags |
---|---|---|---|---|---|---|
r-devel-linux-x86_64-debian-clang | 0.1.2 | 8.00 | 56.22 | 64.22 | OK | |
r-devel-linux-x86_64-debian-gcc | 0.1.2 | 5.68 | 41.32 | 47.00 | OK | |
r-devel-linux-x86_64-fedora-clang | 0.1.2 | 108.53 | OK | |||
r-devel-linux-x86_64-fedora-gcc | 0.1.2 | 109.85 | OK | |||
r-devel-macos-arm64 | 0.1.2 | 39.00 | OK | |||
r-devel-macos-x86_64 | 0.1.2 | 67.00 | OK | |||
r-devel-windows-x86_64 | 0.1.2 | 11.00 | 71.00 | 82.00 | OK | |
r-patched-linux-x86_64 | 0.1.2 | 6.34 | 51.33 | 57.67 | NOTE | |
r-release-linux-x86_64 | 0.1.2 | 7.73 | 51.18 | 58.91 | NOTE | |
r-release-macos-arm64 | 0.1.2 | 37.00 | NOTE | |||
r-release-macos-x86_64 | 0.1.2 | 55.00 | NOTE | |||
r-release-windows-x86_64 | 0.1.2 | 10.00 | 71.00 | 81.00 | NOTE | |
r-oldrel-macos-arm64 | 0.1.2 | 49.00 | NOTE | |||
r-oldrel-macos-x86_64 | 0.1.2 | 54.00 | NOTE | |||
r-oldrel-windows-x86_64 | 0.1.2 | 12.00 | 82.00 | 94.00 | NOTE |
Version: 0.1.2
Check: LazyData
Result: NOTE
'LazyData' is specified without a 'data' directory
Flavors: r-patched-linux-x86_64, r-release-linux-x86_64, r-release-macos-arm64, r-release-macos-x86_64, r-release-windows-x86_64, r-oldrel-macos-arm64, r-oldrel-macos-x86_64, r-oldrel-windows-x86_64