CRAN Package Check Results for Package shroomDK

Last updated on 2025-11-16 04:48:54 CET.

Flavor Version Tinstall Tcheck Ttotal Status Flags
r-devel-linux-x86_64-debian-clang 0.3.0 1.70 22.81 24.51 NOTE
r-devel-linux-x86_64-debian-gcc 0.3.0 1.61 18.82 20.43 NOTE
r-devel-linux-x86_64-fedora-clang 0.3.0 35.67 OK
r-devel-linux-x86_64-fedora-gcc 0.3.0 36.10 OK
r-devel-windows-x86_64 0.3.0 5.00 46.00 51.00 OK
r-patched-linux-x86_64 0.3.0 1.99 21.65 23.64 OK
r-release-linux-x86_64 0.3.0 1.92 21.31 23.23 OK
r-release-macos-arm64 0.3.0 1.00 18.00 19.00 OK
r-release-macos-x86_64 0.3.0 2.00 26.00 28.00 OK
r-release-windows-x86_64 0.3.0 4.00 45.00 49.00 OK
r-oldrel-macos-arm64 0.3.0 1.00 16.00 17.00 OK
r-oldrel-macos-x86_64 0.3.0 2.00 22.00 24.00 OK
r-oldrel-windows-x86_64 0.3.0 4.00 49.00 53.00 OK

Check Details

Version: 0.3.0
Check: CRAN incoming feasibility
Result: NOTE Maintainer: ‘Carlos Mercado <carlos.mercado@flipsidecrypto.com>’ No Authors@R field in DESCRIPTION. Please add one, modifying Authors@R: person(given = "Carlos", family = "Mercado", role = c("aut", "cre"), email = "carlos.mercado@flipsidecrypto.com") as necessary. Flavors: r-devel-linux-x86_64-debian-clang, r-devel-linux-x86_64-debian-gcc