Last updated on 2025-11-16 04:48:54 CET.
| Flavor | Version | Tinstall | Tcheck | Ttotal | Status | Flags |
|---|---|---|---|---|---|---|
| r-devel-linux-x86_64-debian-clang | 0.2.4 | 2.81 | 98.06 | 100.87 | OK | |
| r-devel-linux-x86_64-debian-gcc | 0.2.4 | 2.20 | 68.48 | 70.68 | OK | |
| r-devel-linux-x86_64-fedora-clang | 0.2.4 | 158.32 | NOTE | |||
| r-devel-linux-x86_64-fedora-gcc | 0.3.0 | 14.00 | 299.71 | 313.71 | NOTE | |
| r-devel-windows-x86_64 | 0.3.0 | 7.00 | 106.00 | 113.00 | OK | |
| r-patched-linux-x86_64 | 0.2.4 | 3.05 | 93.86 | 96.91 | OK | |
| r-release-linux-x86_64 | 0.2.4 | 2.96 | 93.78 | 96.74 | OK | |
| r-release-macos-arm64 | 0.2.4 | 1.00 | 47.00 | 48.00 | OK | |
| r-release-macos-x86_64 | 0.3.0 | 4.00 | 212.00 | 216.00 | OK | |
| r-release-windows-x86_64 | 0.2.4 | 6.00 | 106.00 | 112.00 | OK | |
| r-oldrel-macos-arm64 | 0.2.4 | 1.00 | 48.00 | 49.00 | OK | |
| r-oldrel-macos-x86_64 | 0.3.0 | 4.00 | 202.00 | 206.00 | OK | |
| r-oldrel-windows-x86_64 | 0.2.4 | 7.00 | 132.00 | 139.00 | OK |
Version: 0.2.4
Check: dependencies in R code
Result: NOTE
Namespace in Imports field not imported from: ‘dplyr’
All declared Imports should be used.
Flavor: r-devel-linux-x86_64-fedora-clang
Version: 0.3.0
Check: dependencies in R code
Result: NOTE
Namespace in Imports field not imported from: ‘dplyr’
All declared Imports should be used.
Flavor: r-devel-linux-x86_64-fedora-gcc