CRAN Package Check Results for Package sidrar

Last updated on 2025-11-16 04:48:54 CET.

Flavor Version Tinstall Tcheck Ttotal Status Flags
r-devel-linux-x86_64-debian-clang 0.2.9 2.18 25.06 27.24 OK
r-devel-linux-x86_64-debian-gcc 0.2.9 1.62 20.82 22.44 NOTE
r-devel-linux-x86_64-fedora-clang 0.2.9 40.98 OK
r-devel-linux-x86_64-fedora-gcc 0.2.9 13.00 42.33 55.33 OK
r-devel-windows-x86_64 0.2.9 5.00 43.00 48.00 OK
r-patched-linux-x86_64 0.2.9 2.15 22.98 25.13 OK
r-release-linux-x86_64 0.2.9 1.77 22.96 24.73 OK
r-release-macos-arm64 0.2.9 1.00 31.00 32.00 OK
r-release-macos-x86_64 0.2.9 2.00 45.00 47.00 OK
r-release-windows-x86_64 0.2.9 5.00 45.00 50.00 OK
r-oldrel-macos-arm64 0.2.9 1.00 22.00 23.00 OK
r-oldrel-macos-x86_64 0.2.9 2.00 34.00 36.00 OK
r-oldrel-windows-x86_64 0.2.9 5.00 48.00 53.00 OK

Check Details

Version: 0.2.9
Check: CRAN incoming feasibility
Result: NOTE Maintainer: ‘Renato Prado Siqueira <rpradosiqueira@gmail.com>’ The BugReports field in DESCRIPTION has https://github.com/rpradosiqueira/sidrar/issues/ which should likely be https://github.com/rpradosiqueira/sidrar/issues/issues instead. Flavor: r-devel-linux-x86_64-debian-gcc