Last updated on 2025-02-22 04:51:28 CET.
Flavor | Version | Tinstall | Tcheck | Ttotal | Status | Flags |
---|---|---|---|---|---|---|
r-devel-linux-x86_64-debian-clang | 1.5 | 12.79 | 34.83 | 47.62 | NOTE | |
r-devel-linux-x86_64-debian-gcc | 1.5 | 9.50 | 26.07 | 35.57 | NOTE | |
r-devel-linux-x86_64-fedora-clang | 1.5 | 79.38 | NOTE | |||
r-devel-linux-x86_64-fedora-gcc | 1.5 | 76.02 | NOTE | |||
r-devel-macos-arm64 | 1.5 | 29.00 | NOTE | |||
r-devel-macos-x86_64 | 1.5 | 46.00 | NOTE | |||
r-devel-windows-x86_64 | 1.5 | 17.00 | 69.00 | 86.00 | NOTE | |
r-patched-linux-x86_64 | 1.5 | 13.12 | 32.97 | 46.09 | NOTE | |
r-release-linux-x86_64 | 1.5 | 12.70 | 32.82 | 45.52 | NOTE | |
r-release-macos-arm64 | 1.5 | 26.00 | NOTE | |||
r-release-macos-x86_64 | 1.5 | 39.00 | NOTE | |||
r-release-windows-x86_64 | 1.5 | 18.00 | 71.00 | 89.00 | NOTE | |
r-oldrel-macos-arm64 | 1.5 | 28.00 | OK | |||
r-oldrel-macos-x86_64 | 1.5 | 46.00 | OK | |||
r-oldrel-windows-x86_64 | 1.5 | 20.00 | 84.00 | 104.00 | OK |
Version: 1.5
Check: Rd files
Result: NOTE
checkRd: (-1) add_k_mer_state.Rd:33: Lost braces in \itemize; \value handles \item{}{} directly
checkRd: (-1) add_k_mer_state.Rd:34: Lost braces in \itemize; \value handles \item{}{} directly
checkRd: (-1) add_k_mer_state.Rd:35: Lost braces in \itemize; \value handles \item{}{} directly
checkRd: (-1) add_k_mer_state.Rd:36: Lost braces in \itemize; \value handles \item{}{} directly
checkRd: (-1) duration_viterbi.Rd:23: Lost braces in \itemize; \value handles \item{}{} directly
checkRd: (-1) duration_viterbi.Rd:24: Lost braces in \itemize; \value handles \item{}{} directly
checkRd: (-1) duration_viterbi.Rd:25: Lost braces in \itemize; \value handles \item{}{} directly
checkRd: (-1) duration_viterbi.Rd:26: Lost braces in \itemize; \value handles \item{}{} directly
Flavors: r-devel-linux-x86_64-debian-clang, r-devel-linux-x86_64-debian-gcc, r-devel-linux-x86_64-fedora-clang, r-devel-linux-x86_64-fedora-gcc, r-devel-macos-arm64, r-devel-macos-x86_64, r-devel-windows-x86_64, r-patched-linux-x86_64, r-release-linux-x86_64, r-release-macos-arm64, r-release-macos-x86_64, r-release-windows-x86_64