Last updated on 2025-11-16 04:48:55 CET.
| Flavor | Version | Tinstall | Tcheck | Ttotal | Status | Flags |
|---|---|---|---|---|---|---|
| r-devel-linux-x86_64-debian-clang | 0.2.0 | 6.23 | 53.40 | 59.63 | OK | |
| r-devel-linux-x86_64-debian-gcc | 0.2.0 | 4.75 | 39.73 | 44.48 | OK | |
| r-devel-linux-x86_64-fedora-clang | 0.2.0 | 17.00 | 74.60 | 91.60 | NOTE | |
| r-devel-linux-x86_64-fedora-gcc | 0.2.0 | 53.00 | 38.33 | 91.33 | NOTE | |
| r-devel-windows-x86_64 | 0.2.0 | 12.00 | 64.00 | 76.00 | OK | |
| r-patched-linux-x86_64 | 0.2.0 | 6.05 | 48.42 | 54.47 | OK | |
| r-release-linux-x86_64 | 0.2.0 | 6.01 | 48.02 | 54.03 | OK | |
| r-release-macos-arm64 | 0.2.0 | 3.00 | 27.00 | 30.00 | OK | |
| r-release-macos-x86_64 | 0.2.0 | 6.00 | 43.00 | 49.00 | OK | |
| r-release-windows-x86_64 | 0.2.0 | 10.00 | 63.00 | 73.00 | OK | |
| r-oldrel-macos-arm64 | 0.2.0 | 3.00 | 26.00 | 29.00 | NOTE | |
| r-oldrel-macos-x86_64 | 0.2.0 | 7.00 | 42.00 | 49.00 | NOTE | |
| r-oldrel-windows-x86_64 | 0.2.0 | 12.00 | 77.00 | 89.00 | NOTE |
Version: 0.2.0
Check: dependencies in R code
Result: NOTE
Namespace in Imports field not imported from: ‘stringi’
All declared Imports should be used.
Flavors: r-devel-linux-x86_64-fedora-clang, r-devel-linux-x86_64-fedora-gcc
Version: 0.2.0
Check: LazyData
Result: NOTE
'LazyData' is specified without a 'data' directory
Flavors: r-oldrel-macos-arm64, r-oldrel-macos-x86_64, r-oldrel-windows-x86_64