Last updated on 2025-02-21 04:52:06 CET.
Flavor | Version | Tinstall | Tcheck | Ttotal | Status | Flags |
---|---|---|---|---|---|---|
r-devel-linux-x86_64-debian-clang | 1.6 | 13.11 | 79.84 | 92.95 | NOTE | |
r-devel-linux-x86_64-debian-gcc | 1.6 | 10.74 | 53.65 | 64.39 | NOTE | |
r-devel-linux-x86_64-fedora-clang | 1.6 | 165.08 | OK | |||
r-devel-linux-x86_64-fedora-gcc | 1.6 | 154.27 | OK | |||
r-devel-macos-arm64 | 1.6 | 38.00 | OK | |||
r-devel-macos-x86_64 | 1.6 | 77.00 | OK | |||
r-devel-windows-x86_64 | 1.6 | 18.00 | 91.00 | 109.00 | NOTE | |
r-patched-linux-x86_64 | 1.6 | 14.82 | 76.88 | 91.70 | OK | |
r-release-linux-x86_64 | 1.6 | 19.14 | 77.41 | 96.55 | OK | |
r-release-macos-arm64 | 1.6 | 37.00 | OK | |||
r-release-macos-x86_64 | 1.6 | 59.00 | OK | |||
r-release-windows-x86_64 | 1.6 | 18.00 | 82.00 | 100.00 | OK | |
r-oldrel-macos-arm64 | 1.6 | 41.00 | OK | |||
r-oldrel-macos-x86_64 | 1.6 | 69.00 | OK | |||
r-oldrel-windows-x86_64 | 1.6 | 24.00 | 99.00 | 123.00 | OK |
Version: 1.6
Check: Rd cross-references
Result: NOTE
Found the following Rd file(s) with Rd \link{} targets missing package
anchors:
rM.Rd: mvrnorm
Please provide package anchors for all Rd \link{} targets not in the
package itself and the base packages.
Flavors: r-devel-linux-x86_64-debian-clang, r-devel-linux-x86_64-debian-gcc, r-devel-windows-x86_64